Last updated on 2018-07-17 01:46:48 CEST.
Flavor | Version | Tinstall | Tcheck | Ttotal | Status | Flags |
---|---|---|---|---|---|---|
r-devel-linux-x86_64-debian-clang | 0.1.2 | 2.40 | 29.51 | 31.91 | OK | |
r-devel-linux-x86_64-debian-gcc | 0.1.2 | 2.18 | 26.52 | 28.70 | OK | |
r-devel-linux-x86_64-fedora-clang | 0.1.2 | 40.28 | NOTE | |||
r-devel-linux-x86_64-fedora-gcc | 0.1.2 | 40.07 | NOTE | |||
r-devel-windows-ix86+x86_64 | 0.1.2 | 7.00 | 91.00 | 98.00 | OK | |
r-patched-linux-x86_64 | 0.1.2 | 2.57 | 29.67 | 32.24 | OK | |
r-patched-solaris-x86 | 0.1.2 | 60.60 | NOTE | |||
r-release-linux-x86_64 | 0.1.2 | 2.39 | 29.55 | 31.94 | OK | |
r-release-windows-ix86+x86_64 | 0.1.2 | 7.00 | 84.00 | 91.00 | OK | |
r-release-osx-x86_64 | 0.1.2 | NOTE | ||||
r-oldrel-windows-ix86+x86_64 | 0.1.2 | 5.00 | 56.00 | 61.00 | OK | |
r-oldrel-osx-x86_64 | 0.1.2 | NOTE |
Version: 0.1.2
Check: dependencies in R code
Result: NOTE
Namespace in Imports field not imported from: ‘zoo’
All declared Imports should be used.
Flavors: r-devel-linux-x86_64-fedora-clang, r-devel-linux-x86_64-fedora-gcc, r-patched-solaris-x86, r-release-osx-x86_64, r-oldrel-osx-x86_64