Last updated on 2018-07-17 01:46:48 CEST.
Flavor | Version | Tinstall | Tcheck | Ttotal | Status | Flags |
---|---|---|---|---|---|---|
r-devel-linux-x86_64-debian-clang | 0.1.12 | 40.21 | 64.13 | 104.34 | OK | |
r-devel-linux-x86_64-debian-gcc | 0.1.12 | 33.38 | 56.59 | 89.97 | OK | |
r-devel-linux-x86_64-fedora-clang | 0.1.12 | 145.80 | NOTE | |||
r-devel-linux-x86_64-fedora-gcc | 0.1.12 | 140.29 | NOTE | |||
r-devel-windows-ix86+x86_64 | 0.1.12 | 112.00 | 114.00 | 226.00 | OK | |
r-patched-linux-x86_64 | 0.1.12 | 45.88 | 56.87 | 102.75 | OK | |
r-patched-solaris-x86 | 0.1.12 | 167.40 | NOTE | |||
r-release-linux-x86_64 | 0.1.12 | 48.44 | 56.25 | 104.69 | OK | |
r-release-windows-ix86+x86_64 | 0.1.12 | 106.00 | 134.00 | 240.00 | OK | |
r-release-osx-x86_64 | 0.1.12 | NOTE | ||||
r-oldrel-windows-ix86+x86_64 | 0.1.12 | 75.00 | 90.00 | 165.00 | OK | |
r-oldrel-osx-x86_64 | 0.1.12 | NOTE |
Version: 0.1.12
Check: dependencies in R code
Result: NOTE
Namespaces in Imports field not imported from:
‘MASS’ ‘MatrixModels’
All declared Imports should be used.
Flavors: r-devel-linux-x86_64-fedora-clang, r-devel-linux-x86_64-fedora-gcc, r-patched-solaris-x86, r-release-osx-x86_64, r-oldrel-osx-x86_64