Last updated on 2018-07-17 01:46:48 CEST.
Flavor | Version | Tinstall | Tcheck | Ttotal | Status | Flags |
---|---|---|---|---|---|---|
r-devel-linux-x86_64-debian-clang | 0.1.4 | 22.22 | 409.76 | 431.98 | WARN | |
r-devel-linux-x86_64-debian-gcc | 0.1.4 | 20.10 | 358.30 | 378.40 | WARN | |
r-devel-linux-x86_64-fedora-clang | 0.1.5 | 308.52 | OK | |||
r-devel-linux-x86_64-fedora-gcc | 0.1.4 | 589.29 | WARN | |||
r-devel-windows-ix86+x86_64 | 0.1.4 | 62.00 | 918.00 | 980.00 | WARN | |
r-patched-linux-x86_64 | 0.1.4 | 24.66 | 450.48 | 475.14 | OK | |
r-patched-solaris-x86 | 0.1.4 | 1123.50 | OK | |||
r-release-linux-x86_64 | 0.1.4 | 22.35 | 446.33 | 468.68 | OK | |
r-release-windows-ix86+x86_64 | 0.1.4 | 55.00 | 1084.00 | 1139.00 | OK | |
r-release-osx-x86_64 | 0.1.4 | OK | ||||
r-oldrel-windows-ix86+x86_64 | 0.1.5 | 60.00 | 395.00 | 455.00 | OK | |
r-oldrel-osx-x86_64 | 0.1.4 | OK |
Version: 0.1.4
Check: for unstated dependencies in ‘tests’
Result: WARN
'library' or 'require' call not declared from: ‘Matching’
Flavors: r-devel-linux-x86_64-debian-clang, r-devel-linux-x86_64-debian-gcc, r-devel-linux-x86_64-fedora-gcc, r-devel-windows-ix86+x86_64