Last updated on 2018-07-17 01:46:49 CEST.
Flavor | Version | Tinstall | Tcheck | Ttotal | Status | Flags |
---|---|---|---|---|---|---|
r-devel-linux-x86_64-debian-clang | 1.0.2 | 79.40 | 40.79 | 120.19 | OK | |
r-devel-linux-x86_64-debian-gcc | 1.0.2 | 62.06 | 37.15 | 99.21 | OK | |
r-devel-linux-x86_64-fedora-clang | 1.0.2 | 170.11 | NOTE | |||
r-devel-linux-x86_64-fedora-gcc | 1.0.2 | 162.93 | OK | |||
r-devel-windows-ix86+x86_64 | 1.0.2 | 164.00 | 87.00 | 251.00 | OK | |
r-patched-linux-x86_64 | 1.0.2 | 80.84 | 45.37 | 126.21 | OK | |
r-patched-solaris-x86 | 1.0.2 | 159.90 | OK | |||
r-release-linux-x86_64 | 1.0.2 | 78.72 | 45.60 | 124.32 | OK | |
r-release-windows-ix86+x86_64 | 1.0.2 | 170.00 | 98.00 | 268.00 | OK | |
r-release-osx-x86_64 | 1.0.2 | NOTE | ||||
r-oldrel-windows-ix86+x86_64 | 1.0.2 | 114.00 | 70.00 | 184.00 | OK | |
r-oldrel-osx-x86_64 | 1.0.2 | NOTE |
Version: 1.0.2
Check: installed package size
Result: NOTE
installed size is 15.7Mb
sub-directories of 1Mb or more:
libs 15.2Mb
Flavors: r-devel-linux-x86_64-fedora-clang, r-release-osx-x86_64, r-oldrel-osx-x86_64