Last updated on 2018-07-17 01:46:49 CEST.
Flavor | Version | Tinstall | Tcheck | Ttotal | Status | Flags |
---|---|---|---|---|---|---|
r-devel-linux-x86_64-debian-clang | 0.4 | 44.92 | 172.92 | 217.84 | OK | |
r-devel-linux-x86_64-debian-gcc | 0.4 | 39.61 | 152.84 | 192.45 | OK | |
r-devel-linux-x86_64-fedora-clang | 0.4 | 289.19 | OK | |||
r-devel-linux-x86_64-fedora-gcc | 0.4 | 299.19 | OK | |||
r-devel-windows-ix86+x86_64 | 0.4 | 115.00 | 254.00 | 369.00 | OK | |
r-patched-linux-x86_64 | 0.4 | 46.08 | 175.66 | 221.74 | OK | |
r-release-linux-x86_64 | 0.4 | 46.17 | 175.80 | 221.97 | OK | |
r-release-windows-ix86+x86_64 | 0.4 | 115.00 | 307.00 | 422.00 | OK | |
r-release-osx-x86_64 | 0.4 | WARN | ||||
r-oldrel-windows-ix86+x86_64 | 0.4 | 76.00 | 220.00 | 296.00 | OK | |
r-oldrel-osx-x86_64 | 0.4 | WARN |
Version: 0.4
Check: whether package can be installed
Result: WARN
Found the following significant warnings:
Warning: 'rgl_init' failed, running with rgl.useNULL = TRUE
Flavors: r-release-osx-x86_64, r-oldrel-osx-x86_64