CRAN Package Check Results for Package Blaunet

Last updated on 2018-07-17 01:46:49 CEST.

Flavor Version Tinstall Tcheck Ttotal Status Flags
r-devel-linux-x86_64-debian-clang 2.0.7 2.00 29.83 31.83 OK
r-devel-linux-x86_64-debian-gcc 2.0.7 2.06 26.68 28.74 OK
r-devel-linux-x86_64-fedora-clang 2.0.7 42.36 NOTE
r-devel-linux-x86_64-fedora-gcc 2.0.7 41.88 NOTE
r-devel-windows-ix86+x86_64 2.0.7 8.00 55.00 63.00 OK
r-patched-linux-x86_64 2.0.7 1.69 33.17 34.86 OK
r-patched-solaris-x86 2.0.7 61.50 NOTE
r-release-linux-x86_64 2.0.7 1.91 32.81 34.72 OK
r-release-windows-ix86+x86_64 2.0.7 9.00 62.00 71.00 OK
r-release-osx-x86_64 2.0.7 ERROR
r-oldrel-windows-ix86+x86_64 2.0.7 5.00 52.00 57.00 OK
r-oldrel-osx-x86_64 2.0.7 ERROR

Check Details

Version: 2.0.7
Check: dependencies in R code
Result: NOTE
    Namespaces in Imports field not imported from:
     ‘RGtk2’ ‘cairoDevice’ ‘ergm’ ‘foreign’ ‘gWidgets’ ‘gWidgetsRGtk2’
     ‘haven’ ‘plot3D’ ‘plot3Drgl’ ‘rgl’ ‘sna’ ‘statnet.common’
     All declared Imports should be used.
Flavors: r-devel-linux-x86_64-fedora-clang, r-devel-linux-x86_64-fedora-gcc, r-patched-solaris-x86

Version: 2.0.7
Check: package dependencies
Result: ERROR
    Packages required but not available: ‘gWidgetsRGtk2’ ‘RGtk2’ ‘cairoDevice’
    
    See section ‘The DESCRIPTION file’ in the ‘Writing R Extensions’
    manual.
Flavors: r-release-osx-x86_64, r-oldrel-osx-x86_64