Last updated on 2018-07-17 01:46:50 CEST.
Flavor | Version | Tinstall | Tcheck | Ttotal | Status | Flags |
---|---|---|---|---|---|---|
r-devel-linux-x86_64-debian-clang | 0.1 | 72.56 | 36.59 | 109.15 | OK | |
r-devel-linux-x86_64-debian-gcc | 0.1 | 60.21 | 33.28 | 93.49 | OK | |
r-devel-linux-x86_64-fedora-clang | 0.1 | 159.41 | NOTE | |||
r-devel-linux-x86_64-fedora-gcc | 0.1 | 162.56 | WARN | |||
r-devel-windows-ix86+x86_64 | 0.1 | 226.00 | 74.00 | 300.00 | NOTE | |
r-patched-linux-x86_64 | 0.1 | 79.20 | 38.33 | 117.53 | OK | |
r-patched-solaris-x86 | 0.1 | 165.80 | NOTE | |||
r-release-linux-x86_64 | 0.1 | 74.23 | 38.32 | 112.55 | OK | |
r-release-windows-ix86+x86_64 | 0.1 | 223.00 | 88.00 | 311.00 | NOTE | |
r-release-osx-x86_64 | 0.1 | NOTE | ||||
r-oldrel-windows-ix86+x86_64 | 0.1 | 129.00 | 72.00 | 201.00 | NOTE | |
r-oldrel-osx-x86_64 | 0.1 | NOTE |
Version: 0.1
Check: installed package size
Result: NOTE
installed size is 7.2Mb
sub-directories of 1Mb or more:
doc 3.5Mb
libs 3.3Mb
Flavors: r-devel-linux-x86_64-fedora-clang, r-devel-windows-ix86+x86_64, r-release-windows-ix86+x86_64, r-release-osx-x86_64, r-oldrel-windows-ix86+x86_64, r-oldrel-osx-x86_64
Version: 0.1
Check: dependencies in R code
Result: NOTE
Namespaces in Imports field not imported from:
‘Rcpp’ ‘cowplot’ ‘dplyr’ ‘ranger’ ‘rms’ ‘survival’ ‘tidyverse’
All declared Imports should be used.
Flavors: r-devel-linux-x86_64-fedora-clang, r-devel-linux-x86_64-fedora-gcc, r-patched-solaris-x86, r-release-osx-x86_64, r-oldrel-osx-x86_64
Version: 0.1
Check: whether package can be installed
Result: WARN
Found the following significant warnings:
/data/gannet/ripley/R/test-3.6/RcppParallel/include/tbb/concurrent_hash_map.h:169:68: warning: ‘void* memset(void*, int, size_t)’ clearing an object of type ‘struct tbb::interface5::internal::hash_map_base::bucket’ with no trivial copy-assignment; use value-initialization instead [-Wclass-memaccess]
Flavor: r-devel-linux-x86_64-fedora-gcc