CRAN Package Check Results for Package ClustMMDD

Last updated on 2018-07-17 01:46:51 CEST.

Flavor Version Tinstall Tcheck Ttotal Status Flags
r-devel-linux-x86_64-debian-clang 1.0.4 32.93 42.91 75.84 NOTE
r-devel-linux-x86_64-debian-gcc 1.0.4 25.61 39.72 65.33 NOTE
r-devel-linux-x86_64-fedora-clang 1.0.4 109.28 NOTE
r-devel-linux-x86_64-fedora-gcc 1.0.4 103.69 NOTE
r-devel-windows-ix86+x86_64 1.0.4 79.00 120.00 199.00 OK
r-patched-linux-x86_64 1.0.4 28.37 45.10 73.47 NOTE
r-patched-solaris-x86 1.0.4 114.80 OK
r-release-linux-x86_64 1.0.4 27.76 44.80 72.56 NOTE
r-release-windows-ix86+x86_64 1.0.4 80.00 135.00 215.00 OK
r-release-osx-x86_64 1.0.4 NOTE
r-oldrel-windows-ix86+x86_64 1.0.4 58.00 112.00 170.00 OK
r-oldrel-osx-x86_64 1.0.4 OK

Check Details

Version: 1.0.4
Check: compiled code
Result: NOTE
    File ‘ClustMMDD/libs/ClustMMDD.so’:
     Found no calls to: ‘R_registerRoutines’, ‘R_useDynamicSymbols’
    
    It is good practice to register native routines and to disable symbol
    search.
    
    See ‘Writing portable packages’ in the ‘Writing R Extensions’ manual.
Flavors: r-devel-linux-x86_64-debian-clang, r-devel-linux-x86_64-debian-gcc, r-devel-linux-x86_64-fedora-clang, r-devel-linux-x86_64-fedora-gcc, r-patched-linux-x86_64, r-release-linux-x86_64

Version: 1.0.4
Check: installed package size
Result: NOTE
     installed size is 5.3Mb
     sub-directories of 1Mb or more:
     libs 4.8Mb
Flavor: r-release-osx-x86_64