CRAN Package Check Results for Package ClusterR

Last updated on 2018-07-17 01:46:51 CEST.

Flavor Version Tinstall Tcheck Ttotal Status Flags
r-devel-linux-x86_64-debian-clang 1.1.2 64.96 203.35 268.31 OK
r-devel-linux-x86_64-debian-gcc 1.1.2 54.18 171.58 225.76 OK
r-devel-linux-x86_64-fedora-clang 1.1.2 377.91 NOTE
r-devel-linux-x86_64-fedora-gcc 1.1.2 364.98 OK
r-devel-windows-ix86+x86_64 1.1.2 178.00 349.00 527.00 WARN
r-patched-linux-x86_64 1.1.2 65.94 208.84 274.78 OK
r-patched-solaris-x86 1.1.2 620.00 WARN
r-release-linux-x86_64 1.1.2 62.31 205.25 267.56 OK
r-release-windows-ix86+x86_64 1.1.2 167.00 365.00 532.00 OK
r-release-osx-x86_64 1.1.2 NOTE
r-oldrel-windows-ix86+x86_64 1.1.2 114.00 243.00 357.00 OK
r-oldrel-osx-x86_64 1.1.2 NOTE

Check Details

Version: 1.1.2
Check: installed package size
Result: NOTE
     installed size is 6.7Mb
     sub-directories of 1Mb or more:
     libs 5.6Mb
Flavors: r-devel-linux-x86_64-fedora-clang, r-release-osx-x86_64, r-oldrel-osx-x86_64

Version: 1.1.2
Check: whether package can be installed
Result: WARN
    Found the following significant warnings:
     Warning: S3 methods '[.fun_list', '[.grouped_df', 'all.equal.tbl_df', 'anti_join.data.frame', 'anti_join.tbl_df', 'arrange.data.frame', 'arrange.default', 'arrange.grouped_df', 'arrange.tbl_df', 'arrange_.data.frame', 'arrange_.tbl_df', 'as.data.frame.grouped_df', 'as.data.frame.rowwise_df', 'as.data.frame.tbl_cube', 'as.data.frame.tbl_df', 'as.table.tbl_cube', 'as.tbl.data.frame', 'as.tbl.tbl', 'as.tbl_cube.array', 'as.tbl_cube.data.frame', 'as.tbl_cube.matrix', 'as.tbl_cube.table', 'as_data_frame.grouped_df', 'as_data_frame.tbl_cube', 'auto_copy.tbl_cube', 'auto_copy.tbl_df', 'cbind.grouped_df', 'collapse.data.frame', 'collect.data.frame', 'common_by.NULL', 'common_by.character', 'common_by.default', 'common_by.list', 'compute.data.frame', 'copy_to.DBIConnection', 'copy_to.src_local', 'default_missing.data.frame', 'default_missing.default', 'dim.tbl_cube', 'distinct.data.frame', 'distinct.default', 'distinct.grouped_df', 'distinct.tbl_df', 'distinct_.data.frame', 'distinct_.grouped_df', 'dist [... truncated]
Flavor: r-devel-windows-ix86+x86_64

Version: 1.1.2
Check: re-building of vignette outputs
Result: WARN
    Error in re-building vignettes:
     ...
    Warning in engine$weave(file, quiet = quiet, encoding = enc) :
     Pandoc (>= 1.12.3) and/or pandoc-citeproc not available. Falling back to R Markdown v1.
    Quitting from lines 473-485 (the_clusterR_package.Rmd)
    Error: processing vignette 'the_clusterR_package.Rmd' failed with diagnostics:
    std::bad_alloc
    Execution halted
Flavor: r-patched-solaris-x86