CRAN Package Check Results for Package CoImp

Last updated on 2018-07-17 01:46:51 CEST.

Flavor Version Tinstall Tcheck Ttotal Status Flags
r-devel-linux-x86_64-debian-clang 0.3-1 7.81 79.89 87.70 OK
r-devel-linux-x86_64-debian-gcc 0.3-1 5.23 73.12 78.35 OK
r-devel-linux-x86_64-fedora-clang 0.3-1 126.88 OK
r-devel-linux-x86_64-fedora-gcc 0.3-1 116.05 OK
r-devel-windows-ix86+x86_64 0.3-1 14.00 101.00 115.00 OK
r-patched-linux-x86_64 0.3-1 5.93 81.94 87.87 OK
r-patched-solaris-x86 0.3-1 151.30 OK
r-release-linux-x86_64 0.3-1 6.13 80.55 86.68 OK
r-release-windows-ix86+x86_64 0.3-1 14.00 148.00 162.00 OK
r-release-osx-x86_64 0.3-1 OK
r-oldrel-windows-ix86+x86_64 0.3-1 8.00 119.00 127.00 OK
r-oldrel-osx-x86_64 0.3-1 ERROR

Check Details

Version: 0.3-1
Check: package dependencies
Result: ERROR
    Package required but not available: ‘copula’
    
    See section ‘The DESCRIPTION file’ in the ‘Writing R Extensions’
    manual.
Flavor: r-oldrel-osx-x86_64