CRAN Package Check Results for Package CpGassoc

Last updated on 2018-07-17 01:46:52 CEST.

Flavor Version Tinstall Tcheck Ttotal Status Flags
r-devel-linux-x86_64-debian-clang 2.60 5.13 66.49 71.62 OK
r-devel-linux-x86_64-debian-gcc 2.60 4.23 59.02 63.25 OK
r-devel-linux-x86_64-fedora-clang 2.60 90.16 OK
r-devel-linux-x86_64-fedora-gcc 2.60 89.95 OK
r-devel-windows-ix86+x86_64 2.60 10.00 109.00 119.00 OK
r-patched-linux-x86_64 2.60 4.46 72.31 76.77 OK
r-patched-solaris-x86 2.60 130.30 OK
r-release-linux-x86_64 2.60 4.55 70.58 75.13 OK
r-release-windows-ix86+x86_64 2.60 10.00 106.00 116.00 OK
r-release-osx-x86_64 2.60 OK
r-oldrel-windows-ix86+x86_64 2.60 3.00 115.00 118.00 OK
r-oldrel-osx-x86_64 2.60 NOTE

Check Details

Version: 2.60
Check: package dependencies
Result: NOTE
    Package suggested but not available for checking: ‘qvalue’
Flavor: r-oldrel-osx-x86_64