Last updated on 2018-07-17 01:46:53 CEST.
Flavor | Version | Tinstall | Tcheck | Ttotal | Status | Flags |
---|---|---|---|---|---|---|
r-devel-linux-x86_64-debian-clang | 0.5.0 | 52.21 | 193.22 | 245.43 | WARN | |
r-devel-linux-x86_64-debian-gcc | 0.5.0 | 45.77 | 174.21 | 219.98 | OK | |
r-devel-linux-x86_64-fedora-clang | 0.5.0 | 344.89 | WARN | |||
r-devel-linux-x86_64-fedora-gcc | 0.5.0 | 361.83 | OK | |||
r-devel-windows-ix86+x86_64 | 0.5.0 | 173.00 | 446.00 | 619.00 | OK | |
r-patched-linux-x86_64 | 0.5.0 | 60.09 | 224.89 | 284.98 | OK | |
r-patched-solaris-x86 | 0.5.0 | 639.10 | OK | |||
r-release-linux-x86_64 | 0.5.0 | 56.52 | 222.22 | 278.74 | OK | |
r-release-windows-ix86+x86_64 | 0.5.0 | 172.00 | 522.00 | 694.00 | OK | |
r-release-osx-x86_64 | 0.5.0 | WARN | ||||
r-oldrel-windows-ix86+x86_64 | 0.5.0 | 131.00 | 570.00 | 701.00 | OK | |
r-oldrel-osx-x86_64 | 0.5.0 | OK |
Version: 0.5.0
Check: whether package can be installed
Result: WARN
Found the following significant warnings:
DEploid/updateHap.cpp:670:18: warning: explicitly assigning value of variable of type 'size_t' (aka 'unsigned long') to itself [-Wself-assign]
DEploid/updateHap.cpp:678:18: warning: explicitly assigning value of variable of type 'size_t' (aka 'unsigned long') to itself [-Wself-assign]
DEploid/updateHap.cpp:681:18: warning: explicitly assigning value of variable of type 'size_t' (aka 'unsigned long') to itself [-Wself-assign]
DEploid/updateHap.cpp:682:18: warning: explicitly assigning value of variable of type 'size_t' (aka 'unsigned long') to itself [-Wself-assign]
Flavors: r-devel-linux-x86_64-debian-clang, r-devel-linux-x86_64-fedora-clang, r-release-osx-x86_64
Version: 0.5.0
Check: installed package size
Result: NOTE
installed size is 5.1Mb
sub-directories of 1Mb or more:
libs 4.6Mb
Flavor: r-devel-linux-x86_64-fedora-clang