CRAN Package Check Results for Package DetMCD

Last updated on 2018-07-17 01:46:53 CEST.

Flavor Version Tinstall Tcheck Ttotal Status Flags
r-devel-linux-x86_64-debian-clang 0.0.5 28.20 21.77 49.97 OK
r-devel-linux-x86_64-debian-gcc 0.0.5 22.39 19.36 41.75 OK
r-devel-linux-x86_64-fedora-clang 0.0.5 71.21 NOTE
r-devel-linux-x86_64-fedora-gcc 0.0.5 67.19 OK
r-devel-windows-ix86+x86_64 0.0.5 60.00 61.00 121.00 OK
r-patched-linux-x86_64 0.0.5 27.05 22.63 49.68 OK
r-patched-solaris-x86 0.0.5 66.20 OK
r-release-linux-x86_64 0.0.5 26.80 22.85 49.65 OK
r-release-windows-ix86+x86_64 0.0.5 60.00 68.00 128.00 OK
r-release-osx-x86_64 0.0.5 NOTE
r-oldrel-windows-ix86+x86_64 0.0.5 44.00 46.00 90.00 OK
r-oldrel-osx-x86_64 0.0.5 NOTE

Check Details

Version: 0.0.5
Check: installed package size
Result: NOTE
     installed size is 12.1Mb
     sub-directories of 1Mb or more:
     libs 11.9Mb
Flavors: r-devel-linux-x86_64-fedora-clang, r-release-osx-x86_64, r-oldrel-osx-x86_64