Last updated on 2018-07-17 01:47:01 CEST.
Flavor | Version | Tinstall | Tcheck | Ttotal | Status | Flags |
---|---|---|---|---|---|---|
r-devel-linux-x86_64-debian-clang | 0.1.0 | 42.87 | 68.68 | 111.55 | OK | |
r-devel-linux-x86_64-debian-gcc | 0.1.0 | 41.33 | 56.53 | 97.86 | OK | |
r-devel-linux-x86_64-fedora-clang | 0.1.0 | 154.12 | NOTE | |||
r-devel-linux-x86_64-fedora-gcc | 0.1.0 | 159.59 | OK | |||
r-devel-windows-ix86+x86_64 | 0.1.0 | 136.00 | 157.00 | 293.00 | OK | |
r-patched-linux-x86_64 | 0.1.0 | 47.51 | 71.28 | 118.79 | OK | |
r-patched-solaris-x86 | 0.1.0 | 35.10 | ERROR | |||
r-release-linux-x86_64 | 0.1.0 | 48.67 | 71.21 | 119.88 | OK | |
r-release-windows-ix86+x86_64 | 0.1.0 | 129.00 | 155.00 | 284.00 | OK | |
r-release-osx-x86_64 | 0.1.0 | NOTE | ||||
r-oldrel-windows-ix86+x86_64 | 0.1.0 | 91.00 | 167.00 | 258.00 | OK | |
r-oldrel-osx-x86_64 | 0.1.0 | NOTE |
Version: 0.1.0
Check: installed package size
Result: NOTE
installed size is 6.0Mb
sub-directories of 1Mb or more:
data 2.0Mb
libs 3.3Mb
Flavors: r-devel-linux-x86_64-fedora-clang, r-release-osx-x86_64, r-oldrel-osx-x86_64
Version: 0.1.0
Check: whether package can be installed
Result: ERROR
Installation failed.
Flavor: r-patched-solaris-x86