CRAN Package Check Results for Package EValue

Last updated on 2018-07-17 01:47:01 CEST.

Flavor Version Tinstall Tcheck Ttotal Status Flags
r-devel-linux-x86_64-debian-clang 1.1.4 6.50 69.17 75.67 OK
r-devel-linux-x86_64-debian-gcc 1.1.4 4.49 59.05 63.54 OK
r-devel-linux-x86_64-fedora-clang 1.1.4 93.75 NOTE
r-devel-linux-x86_64-fedora-gcc 1.1.4 93.42 NOTE
r-devel-windows-ix86+x86_64 1.1.4 17.00 107.00 124.00 OK
r-patched-linux-x86_64 1.1.4 5.80 62.66 68.46 OK
r-patched-solaris-x86 1.1.4 125.60 NOTE
r-release-linux-x86_64 1.1.4 4.81 62.32 67.13 OK
r-release-windows-ix86+x86_64 1.1.4 15.00 99.00 114.00 OK
r-release-osx-x86_64 1.1.4 NOTE
r-oldrel-windows-ix86+x86_64 1.1.4 8.00 73.00 81.00 OK
r-oldrel-osx-x86_64 1.1.4 NOTE

Check Details

Version: 1.1.4
Check: dependencies in R code
Result: NOTE
    Namespaces in Imports field not imported from:
     ‘devtools’ ‘msm’
     All declared Imports should be used.
Flavors: r-devel-linux-x86_64-fedora-clang, r-devel-linux-x86_64-fedora-gcc, r-patched-solaris-x86, r-release-osx-x86_64, r-oldrel-osx-x86_64