Last updated on 2018-07-17 01:47:00 CEST.
Flavor | Version | Tinstall | Tcheck | Ttotal | Status | Flags |
---|---|---|---|---|---|---|
r-devel-linux-x86_64-debian-clang | 1.0.2 | 26.65 | 36.36 | 63.01 | OK | |
r-devel-linux-x86_64-debian-gcc | 1.0.2 | 24.50 | 31.13 | 55.63 | OK | |
r-devel-linux-x86_64-fedora-clang | 1.0.2 | 91.37 | NOTE | |||
r-devel-linux-x86_64-fedora-gcc | 1.0.2 | 92.24 | OK | |||
r-devel-windows-ix86+x86_64 | 1.0.2 | 72.00 | 73.00 | 145.00 | OK | |
r-patched-linux-x86_64 | 1.0.2 | 33.29 | 36.18 | 69.47 | OK | |
r-patched-solaris-x86 | 1.0.2 | 103.20 | OK | |||
r-release-linux-x86_64 | 1.0.2 | 32.71 | 35.98 | 68.69 | OK | |
r-release-windows-ix86+x86_64 | 1.0.2 | 72.00 | 93.00 | 165.00 | OK | |
r-release-osx-x86_64 | 1.0.2 | NOTE | ||||
r-oldrel-windows-ix86+x86_64 | 1.0.2 | 52.00 | 103.00 | 155.00 | OK | |
r-oldrel-osx-x86_64 | 1.0.2 | NOTE |
Version: 1.0.2
Check: installed package size
Result: NOTE
installed size is 5.9Mb
sub-directories of 1Mb or more:
libs 4.6Mb
Flavors: r-devel-linux-x86_64-fedora-clang, r-release-osx-x86_64, r-oldrel-osx-x86_64