Last updated on 2018-07-17 01:47:01 CEST.
Flavor | Version | Tinstall | Tcheck | Ttotal | Status | Flags |
---|---|---|---|---|---|---|
r-devel-linux-x86_64-debian-clang | 2015.6.26 | 31.10 | 34.13 | 65.23 | OK | |
r-devel-linux-x86_64-debian-gcc | 2015.6.26 | 26.83 | 28.98 | 55.81 | OK | |
r-devel-linux-x86_64-fedora-clang | 2015.6.26 | 88.37 | NOTE | |||
r-devel-linux-x86_64-fedora-gcc | 2015.6.26 | 88.87 | OK | |||
r-devel-windows-ix86+x86_64 | 2015.6.26 | 48.00 | 60.00 | 108.00 | NOTE | |
r-patched-linux-x86_64 | 2015.6.26 | 30.08 | 35.60 | 65.68 | OK | |
r-patched-solaris-x86 | 2015.6.26 | 158.90 | NOTE | |||
r-release-linux-x86_64 | 2015.6.26 | 30.18 | 35.39 | 65.57 | OK | |
r-release-windows-ix86+x86_64 | 2015.6.26 | 49.00 | 66.00 | 115.00 | NOTE | |
r-release-osx-x86_64 | 2015.6.26 | NOTE | ||||
r-oldrel-windows-ix86+x86_64 | 2015.6.26 | 40.00 | 46.00 | 86.00 | NOTE | |
r-oldrel-osx-x86_64 | 2015.6.26 | NOTE |
Version: 2015.6.26
Check: installed package size
Result: NOTE
installed size is 11.7Mb
sub-directories of 1Mb or more:
data 11.5Mb
Flavors: r-devel-linux-x86_64-fedora-clang, r-devel-windows-ix86+x86_64, r-patched-solaris-x86, r-release-windows-ix86+x86_64, r-release-osx-x86_64, r-oldrel-windows-ix86+x86_64, r-oldrel-osx-x86_64