Last updated on 2018-07-17 01:47:02 CEST.
Flavor | Version | Tinstall | Tcheck | Ttotal | Status | Flags |
---|---|---|---|---|---|---|
r-devel-linux-x86_64-debian-clang | 1.1.1 | 1.44 | 23.17 | 24.61 | OK | |
r-devel-linux-x86_64-debian-gcc | 1.1.1 | 1.27 | 20.28 | 21.55 | OK | |
r-devel-linux-x86_64-fedora-clang | 1.1.1 | 32.73 | OK | |||
r-devel-linux-x86_64-fedora-gcc | 1.1.1 | 30.41 | OK | |||
r-devel-windows-ix86+x86_64 | 1.1.1 | 9.00 | 38.00 | 47.00 | OK | |
r-patched-linux-x86_64 | 1.1.1 | 1.89 | 23.96 | 25.85 | OK | |
r-patched-solaris-x86 | 1.1.1 | 49.90 | OK | |||
r-release-linux-x86_64 | 1.1.1 | 1.79 | 23.84 | 25.63 | OK | |
r-release-windows-ix86+x86_64 | 1.1.1 | 11.00 | 46.00 | 57.00 | OK | |
r-release-osx-x86_64 | 1.1.1 | ERROR | ||||
r-oldrel-windows-ix86+x86_64 | 1.1.1 | 6.00 | 31.00 | 37.00 | OK | |
r-oldrel-osx-x86_64 | 1.1.1 | ERROR |
Version: 1.1.1
Check: package dependencies
Result: ERROR
Package required but not available: ‘glpkAPI’
See section ‘The DESCRIPTION file’ in the ‘Writing R Extensions’
manual.
Flavors: r-release-osx-x86_64, r-oldrel-osx-x86_64