Last updated on 2018-07-17 01:47:03 CEST.
Flavor | Version | Tinstall | Tcheck | Ttotal | Status | Flags |
---|---|---|---|---|---|---|
r-devel-linux-x86_64-debian-clang | 0.2.2 | 65.26 | 85.34 | 150.60 | OK | |
r-devel-linux-x86_64-debian-gcc | 0.2.2 | 57.19 | 74.28 | 131.47 | OK | |
r-devel-linux-x86_64-fedora-clang | 0.2.2 | 209.22 | NOTE | |||
r-devel-linux-x86_64-fedora-gcc | 0.2.2 | 211.01 | OK | |||
r-devel-windows-ix86+x86_64 | 0.2.2 | 124.00 | 153.00 | 277.00 | OK | |
r-patched-linux-x86_64 | 0.2.2 | 65.27 | 84.22 | 149.49 | OK | |
r-patched-solaris-x86 | 0.2.2 | 221.70 | OK | |||
r-release-linux-x86_64 | 0.2.2 | 58.19 | 85.20 | 143.39 | OK | |
r-release-windows-ix86+x86_64 | 0.2.2 | 116.00 | 180.00 | 296.00 | OK | |
r-release-osx-x86_64 | 0.2.2 | NOTE | ||||
r-oldrel-windows-ix86+x86_64 | 0.2.2 | 80.00 | 131.00 | 211.00 | OK | |
r-oldrel-osx-x86_64 | 0.2.2 | NOTE |
Version: 0.2.2
Check: installed package size
Result: NOTE
installed size is 21.8Mb
sub-directories of 1Mb or more:
libs 21.2Mb
Flavors: r-devel-linux-x86_64-fedora-clang, r-release-osx-x86_64, r-oldrel-osx-x86_64