Last updated on 2018-07-17 01:47:02 CEST.
Flavor | Version | Tinstall | Tcheck | Ttotal | Status | Flags |
---|---|---|---|---|---|---|
r-devel-linux-x86_64-debian-clang | 0.1.3 | 20.86 | 17.36 | 38.22 | OK | |
r-devel-linux-x86_64-debian-gcc | 0.1.3 | 15.52 | 15.52 | 31.04 | OK | |
r-devel-linux-x86_64-fedora-clang | 0.1.3 | 51.08 | NOTE | |||
r-devel-linux-x86_64-fedora-gcc | 0.1.3 | 50.27 | OK | |||
r-devel-windows-ix86+x86_64 | 0.1.3 | 42.00 | 46.00 | 88.00 | OK | |
r-patched-linux-x86_64 | 0.1.3 | 21.00 | 18.21 | 39.21 | OK | |
r-patched-solaris-x86 | 0.1.3 | 51.10 | OK | |||
r-release-linux-x86_64 | 0.1.3 | 18.45 | 18.33 | 36.78 | OK | |
r-release-windows-ix86+x86_64 | 0.1.3 | 42.00 | 57.00 | 99.00 | OK | |
r-release-osx-x86_64 | 0.1.3 | NOTE | ||||
r-oldrel-windows-ix86+x86_64 | 0.1.3 | 32.00 | 58.00 | 90.00 | OK | |
r-oldrel-osx-x86_64 | 0.1.3 | NOTE |
Version: 0.1.3
Check: installed package size
Result: NOTE
installed size is 9.2Mb
sub-directories of 1Mb or more:
libs 9.1Mb
Flavors: r-devel-linux-x86_64-fedora-clang, r-release-osx-x86_64, r-oldrel-osx-x86_64