CRAN Package Check Results for Package GerminaR

Last updated on 2018-07-17 01:47:04 CEST.

Flavor Version Tinstall Tcheck Ttotal Status Flags
r-devel-linux-x86_64-debian-clang 1.2 6.85 90.00 96.85 OK
r-devel-linux-x86_64-debian-gcc 1.2 6.97 80.95 87.92 OK
r-devel-linux-x86_64-fedora-clang 1.2 125.23 NOTE
r-devel-linux-x86_64-fedora-gcc 1.2 127.70 NOTE
r-devel-windows-ix86+x86_64 1.2 28.00 108.00 136.00 OK
r-patched-linux-x86_64 1.2 6.59 86.78 93.37 OK
r-patched-solaris-x86 1.2 170.90 NOTE
r-release-linux-x86_64 1.2 7.30 86.28 93.58 OK
r-release-windows-ix86+x86_64 1.2 22.00 145.00 167.00 OK
r-release-osx-x86_64 1.2 NOTE
r-oldrel-windows-ix86+x86_64 1.2 15.00 98.00 113.00 OK
r-oldrel-osx-x86_64 1.2 NOTE

Check Details

Version: 1.2
Check: dependencies in R code
Result: NOTE
    Namespaces in Imports field not imported from:
     ‘DT’ ‘shinydashboard’
     All declared Imports should be used.
Flavors: r-devel-linux-x86_64-fedora-clang, r-devel-linux-x86_64-fedora-gcc, r-patched-solaris-x86, r-release-osx-x86_64, r-oldrel-osx-x86_64