Last updated on 2018-07-17 01:47:05 CEST.
Flavor | Version | Tinstall | Tcheck | Ttotal | Status | Flags |
---|---|---|---|---|---|---|
r-devel-linux-x86_64-debian-clang | 3.1-35 | 27.07 | 206.01 | 233.08 | OK | |
r-devel-linux-x86_64-debian-gcc | 3.1-35 | 19.48 | 181.21 | 200.69 | OK | |
r-devel-linux-x86_64-fedora-clang | 3.1-35 | 248.66 | OK | |||
r-devel-linux-x86_64-fedora-gcc | 3.1-35 | 323.27 | OK | |||
r-devel-windows-ix86+x86_64 | 3.1-35 | 54.00 | 319.00 | 373.00 | OK | |
r-patched-linux-x86_64 | 3.1-35 | 17.79 | 217.13 | 234.92 | OK | |
r-patched-solaris-x86 | 3.1-35 | 332.20 | NOTE | |||
r-release-linux-x86_64 | 3.1-35 | 20.31 | 219.26 | 239.57 | OK | |
r-release-windows-ix86+x86_64 | 3.1-35 | 49.00 | 305.00 | 354.00 | WARN | |
r-release-osx-x86_64 | 3.1-35 | OK | ||||
r-oldrel-windows-ix86+x86_64 | 3.1-35 | 26.00 | 221.00 | 247.00 | OK | |
r-oldrel-osx-x86_64 | 3.1-35 | OK |
Version: 3.1-35
Check: package dependencies
Result: NOTE
Package suggested but not available for checking: ‘microplot’
Flavor: r-patched-solaris-x86
Version: 3.1-35
Check: whether package can be installed
Result: WARN
Found the following significant warnings:
Warning: S3 methods '[.fun_list', '[.grouped_df', 'all.equal.tbl_df', 'anti_join.data.frame', 'anti_join.tbl_df', 'arrange.data.frame', 'arrange.default', 'arrange.grouped_df', 'arrange.tbl_df', 'arrange_.data.frame', 'arrange_.tbl_df', 'as.data.frame.grouped_df', 'as.data.frame.rowwise_df', 'as.data.frame.tbl_cube', 'as.data.frame.tbl_df', 'as.table.tbl_cube', 'as.tbl.data.frame', 'as.tbl.tbl', 'as.tbl_cube.array', 'as.tbl_cube.data.frame', 'as.tbl_cube.matrix', 'as.tbl_cube.table', 'as_data_frame.grouped_df', 'as_data_frame.tbl_cube', 'auto_copy.tbl_cube', 'auto_copy.tbl_df', 'cbind.grouped_df', 'collapse.data.frame', 'collect.data.frame', 'common_by.NULL', 'common_by.character', 'common_by.default', 'common_by.list', 'compute.data.frame', 'copy_to.DBIConnection', 'copy_to.src_local', 'default_missing.data.frame', 'default_missing.default', 'dim.tbl_cube', 'distinct.data.frame', 'distinct.default', 'distinct.grouped_df', 'distinct.tbl_df', 'distinct_.data.frame', 'distinct_.grouped_df', 'dist [... truncated]
Flavor: r-release-windows-ix86+x86_64