CRAN Package Check Results for Package HighDimOut

Last updated on 2018-07-17 01:47:05 CEST.

Flavor Version Tinstall Tcheck Ttotal Status Flags
r-devel-linux-x86_64-debian-clang 1.0.0 2.29 53.00 55.29 NOTE
r-devel-linux-x86_64-debian-gcc 1.0.0 1.88 47.22 49.10 NOTE
r-devel-linux-x86_64-fedora-clang 1.0.0 71.89 NOTE
r-devel-linux-x86_64-fedora-gcc 1.0.0 75.24 NOTE
r-devel-windows-ix86+x86_64 1.0.0 10.00 71.00 81.00 NOTE
r-patched-linux-x86_64 1.0.0 1.92 57.41 59.33 NOTE
r-patched-solaris-x86 1.0.0 98.20 NOTE
r-release-linux-x86_64 1.0.0 1.98 57.93 59.91 NOTE
r-release-windows-ix86+x86_64 1.0.0 10.00 148.00 158.00 NOTE
r-release-osx-x86_64 1.0.0 NOTE
r-oldrel-windows-ix86+x86_64 1.0.0 5.00 59.00 64.00 NOTE
r-oldrel-osx-x86_64 1.0.0 NOTE

Check Details

Version: 1.0.0
Check: R code for possible problems
Result: NOTE
    Func.ABOD: no visible global function definition for ‘combn’
    Func.ABOD: no visible global function definition for ‘var’
    Func.SOD: no visible global function definition for ‘var’
    Func.trans : erf: no visible global function definition for ‘pnorm’
    Func.trans: no visible global function definition for ‘sd’
    Undefined global functions or variables:
     combn pnorm sd var
    Consider adding
     importFrom("stats", "pnorm", "sd", "var")
     importFrom("utils", "combn")
    to your NAMESPACE file.
Flavors: r-devel-linux-x86_64-debian-clang, r-devel-linux-x86_64-debian-gcc, r-devel-linux-x86_64-fedora-clang, r-devel-linux-x86_64-fedora-gcc, r-devel-windows-ix86+x86_64, r-patched-linux-x86_64, r-patched-solaris-x86, r-release-linux-x86_64, r-release-windows-ix86+x86_64, r-release-osx-x86_64, r-oldrel-windows-ix86+x86_64, r-oldrel-osx-x86_64