Last updated on 2018-07-17 01:47:07 CEST.
Flavor | Version | Tinstall | Tcheck | Ttotal | Status | Flags |
---|---|---|---|---|---|---|
r-devel-linux-x86_64-debian-clang | 1.1.5 | 11.44 | 154.90 | 166.34 | OK | |
r-devel-linux-x86_64-debian-gcc | 1.1.5 | 11.01 | 144.92 | 155.93 | OK | |
r-devel-linux-x86_64-fedora-clang | 1.1.5 | 228.16 | NOTE | |||
r-devel-linux-x86_64-fedora-gcc | 1.1.5 | 224.51 | NOTE | |||
r-devel-windows-ix86+x86_64 | 1.1.5 | 45.00 | 220.00 | 265.00 | NOTE | |
r-patched-linux-x86_64 | 1.1.5 | 10.21 | 159.13 | 169.34 | OK | |
r-patched-solaris-x86 | 1.1.5 | 332.30 | NOTE | |||
r-release-linux-x86_64 | 1.1.5 | 10.95 | 156.18 | 167.13 | OK | |
r-release-windows-ix86+x86_64 | 1.1.5 | 43.00 | 196.00 | 239.00 | NOTE | |
r-release-osx-x86_64 | 1.1.5 | NOTE | ||||
r-oldrel-windows-ix86+x86_64 | 1.1.5 | 33.00 | 142.00 | 175.00 | NOTE | |
r-oldrel-osx-x86_64 | 1.1.5 | NOTE |
Version: 1.1.5
Check: installed package size
Result: NOTE
installed size is 9.1Mb
sub-directories of 1Mb or more:
data 1.4Mb
extdata 7.5Mb
Flavors: r-devel-linux-x86_64-fedora-clang, r-devel-windows-ix86+x86_64, r-patched-solaris-x86, r-release-windows-ix86+x86_64, r-release-osx-x86_64, r-oldrel-windows-ix86+x86_64, r-oldrel-osx-x86_64
Version: 1.1.5
Check: dependencies in R code
Result: NOTE
Namespaces in Imports field not imported from:
‘Matrix’ ‘expm’
All declared Imports should be used.
Flavors: r-devel-linux-x86_64-fedora-clang, r-devel-linux-x86_64-fedora-gcc, r-patched-solaris-x86, r-release-osx-x86_64, r-oldrel-osx-x86_64