CRAN Package Check Results for Package InPosition

Last updated on 2018-07-17 01:47:06 CEST.

Flavor Version Tinstall Tcheck Ttotal Status Flags
r-devel-linux-x86_64-debian-clang 0.12.7 2.10 25.34 27.44 NOTE
r-devel-linux-x86_64-debian-gcc 0.12.7 1.37 22.99 24.36 NOTE
r-devel-linux-x86_64-fedora-clang 0.12.7 36.70 NOTE
r-devel-linux-x86_64-fedora-gcc 0.12.7 36.52 NOTE
r-devel-windows-ix86+x86_64 0.12.7 6.00 49.00 55.00 NOTE
r-patched-linux-x86_64 0.12.7 1.78 28.01 29.79 NOTE
r-patched-solaris-x86 0.12.7 59.30 NOTE
r-release-linux-x86_64 0.12.7 1.94 27.88 29.82 NOTE
r-release-windows-ix86+x86_64 0.12.7 6.00 51.00 57.00 NOTE
r-release-osx-x86_64 0.12.7 NOTE
r-oldrel-windows-ix86+x86_64 0.12.7 3.00 48.00 51.00 NOTE
r-oldrel-osx-x86_64 0.12.7 NOTE

Check Details

Version: 0.12.7
Check: dependencies in R code
Result: NOTE
    Packages in Depends field not imported from:
     ‘ExPosition’ ‘prettyGraphs’
     These packages need to be imported from (in the NAMESPACE file)
     for when this namespace is loaded but not attached.
Flavors: r-devel-linux-x86_64-debian-clang, r-devel-linux-x86_64-debian-gcc, r-devel-linux-x86_64-fedora-clang, r-devel-linux-x86_64-fedora-gcc, r-devel-windows-ix86+x86_64, r-patched-linux-x86_64, r-patched-solaris-x86, r-release-linux-x86_64, r-release-windows-ix86+x86_64, r-release-osx-x86_64, r-oldrel-windows-ix86+x86_64, r-oldrel-osx-x86_64

Version: 0.12.7
Check: S3 generic/method consistency
Result: NOTE
    Found the following apparent S3 methods exported but not registered:
     print.epCA.inference.battery print.epGPCA.inference.battery
     print.epMCA.inference.battery print.epPCA.inference.battery
     print.inpoBoot print.inpoBootTests print.inpoComponents
     print.inpoOmni print.inpoOutput
    See section ‘Registering S3 methods’ in the ‘Writing R Extensions’
    manual.
Flavors: r-devel-linux-x86_64-debian-clang, r-devel-linux-x86_64-debian-gcc, r-devel-linux-x86_64-fedora-clang, r-devel-linux-x86_64-fedora-gcc, r-patched-linux-x86_64, r-patched-solaris-x86, r-release-linux-x86_64

Version: 0.12.7
Check: R code for possible problems
Result: NOTE
    boot.compute.fj: no visible global function definition for
     ‘supplementaryCols’
    caChiTest: no visible global function definition for ‘pchisq’
    caChiTest: no visible global function definition for ‘pnorm’
    epCA.inference.battery : permute.components.ca: no visible global
     function definition for ‘epCA’
    epCA.inference.battery: no visible global function definition for
     ‘epCA’
    epCA.inference.battery: no visible global function definition for
     ‘txtProgressBar’
    epCA.inference.battery: no visible global function definition for
     ‘setTxtProgressBar’
    epGPCA.inference.battery : permute.components.pca: no visible global
     function definition for ‘epGPCA’
    epGPCA.inference.battery: no visible global function definition for
     ‘epGPCA’
    epGPCA.inference.battery: no visible global function definition for
     ‘txtProgressBar’
    epGPCA.inference.battery: no visible global function definition for
     ‘setTxtProgressBar’
    epMCA.inference.battery : permute.components.mca: no visible global
     function definition for ‘epMCA’
    epMCA.inference.battery: no visible global function definition for
     ‘makeNominalData’
    epMCA.inference.battery: no visible global function definition for
     ‘epMCA’
    epMCA.inference.battery: no visible global function definition for
     ‘txtProgressBar’
    epMCA.inference.battery: no visible global function definition for
     ‘setTxtProgressBar’
    epPCA.inference.battery : permute.components.pca: no visible global
     function definition for ‘epPCA’
    epPCA.inference.battery: no visible global function definition for
     ‘epPCA’
    epPCA.inference.battery: no visible global function definition for
     ‘txtProgressBar’
    epPCA.inference.battery: no visible global function definition for
     ‘setTxtProgressBar’
    inGraphs: no visible global function definition for
     ‘createColorVectorsByDesign’
    inGraphs: no visible global function definition for
     ‘calculateConstraints’
    inGraphs: no visible global function definition for ‘prettyPlot’
    inGraphs: no visible global function definition for ‘prettyBars’
    Undefined global functions or variables:
     calculateConstraints createColorVectorsByDesign epCA epGPCA epMCA
     epPCA makeNominalData pchisq pnorm prettyBars prettyPlot
     setTxtProgressBar supplementaryCols txtProgressBar
    Consider adding
     importFrom("stats", "pchisq", "pnorm")
     importFrom("utils", "setTxtProgressBar", "txtProgressBar")
    to your NAMESPACE file.
Flavors: r-devel-linux-x86_64-debian-clang, r-devel-linux-x86_64-debian-gcc, r-devel-linux-x86_64-fedora-clang, r-devel-linux-x86_64-fedora-gcc, r-devel-windows-ix86+x86_64, r-patched-linux-x86_64, r-patched-solaris-x86, r-release-linux-x86_64, r-release-windows-ix86+x86_64, r-release-osx-x86_64, r-oldrel-windows-ix86+x86_64, r-oldrel-osx-x86_64