CRAN Package Check Results for Package JAGUAR

Last updated on 2018-07-17 01:47:07 CEST.

Flavor Version Tinstall Tcheck Ttotal Status Flags
r-devel-linux-x86_64-debian-clang 3.0.1 26.30 74.62 100.92 NOTE
r-devel-linux-x86_64-debian-gcc 3.0.1 25.53 67.98 93.51 NOTE
r-devel-linux-x86_64-fedora-clang 3.0.1 143.11 NOTE
r-devel-linux-x86_64-fedora-gcc 3.0.1 147.91 NOTE
r-devel-windows-ix86+x86_64 3.0.1 70.00 145.00 215.00 OK
r-patched-linux-x86_64 3.0.1 29.88 72.19 102.07 NOTE
r-patched-solaris-x86 3.0.1 170.50 OK
r-release-linux-x86_64 3.0.1 28.03 72.37 100.40 NOTE
r-release-windows-ix86+x86_64 3.0.1 81.00 162.00 243.00 OK
r-release-osx-x86_64 3.0.1 OK
r-oldrel-windows-ix86+x86_64 3.0.1 57.00 121.00 178.00 OK
r-oldrel-osx-x86_64 3.0.1 OK

Check Details

Version: 3.0.1
Check: compiled code
Result: NOTE
    File ‘JAGUAR/libs/JAGUAR.so’:
     Found no calls to: ‘R_registerRoutines’, ‘R_useDynamicSymbols’
    
    It is good practice to register native routines and to disable symbol
    search.
    
    See ‘Writing portable packages’ in the ‘Writing R Extensions’ manual.
Flavors: r-devel-linux-x86_64-debian-clang, r-devel-linux-x86_64-debian-gcc, r-devel-linux-x86_64-fedora-clang, r-devel-linux-x86_64-fedora-gcc, r-patched-linux-x86_64, r-release-linux-x86_64