CRAN Package Check Results for Package LabourMarketAreas

Last updated on 2018-07-17 01:47:07 CEST.

Flavor Version Tinstall Tcheck Ttotal Status Flags
r-devel-linux-x86_64-debian-clang 3.2 8.79 103.79 112.58 OK
r-devel-linux-x86_64-debian-gcc 3.2 7.79 85.72 93.51 OK
r-devel-linux-x86_64-fedora-clang 3.2 133.04 NOTE
r-devel-linux-x86_64-fedora-gcc 3.2 132.39 NOTE
r-devel-windows-ix86+x86_64 3.2 24.00 138.00 162.00 OK
r-patched-linux-x86_64 3.2 7.08 89.88 96.96 OK
r-patched-solaris-x86 3.2 175.10 NOTE
r-release-linux-x86_64 3.2 7.69 88.61 96.30 OK
r-release-windows-ix86+x86_64 3.2 22.00 150.00 172.00 OK
r-release-osx-x86_64 3.2 NOTE
r-oldrel-windows-ix86+x86_64 3.2 12.00 152.00 164.00 OK
r-oldrel-osx-x86_64 3.2 NOTE

Check Details

Version: 3.2
Check: data for non-ASCII characters
Result: NOTE
     Note: found 15 marked UTF-8 strings
Flavors: r-devel-linux-x86_64-fedora-clang, r-devel-linux-x86_64-fedora-gcc, r-patched-solaris-x86, r-release-osx-x86_64, r-oldrel-osx-x86_64