Last updated on 2018-07-17 01:47:08 CEST.
Flavor | Version | Tinstall | Tcheck | Ttotal | Status | Flags |
---|---|---|---|---|---|---|
r-devel-linux-x86_64-debian-clang | 1.1 | 82.08 | 138.23 | 220.31 | NOTE | |
r-devel-linux-x86_64-debian-gcc | 1.1 | 70.47 | 117.80 | 188.27 | NOTE | |
r-devel-linux-x86_64-fedora-clang | 1.1 | 288.56 | NOTE | |||
r-devel-linux-x86_64-fedora-gcc | 1.1 | 303.71 | NOTE | |||
r-devel-windows-ix86+x86_64 | 1.1 | 199.00 | 214.00 | 413.00 | OK | |
r-patched-linux-x86_64 | 1.1 | 77.08 | 139.54 | 216.62 | NOTE | |
r-patched-solaris-x86 | 1.1 | 334.40 | NOTE | |||
r-release-linux-x86_64 | 1.1 | 70.79 | 140.25 | 211.04 | NOTE | |
r-release-windows-ix86+x86_64 | 1.1 | 187.00 | 233.00 | 420.00 | OK | |
r-release-osx-x86_64 | 1.1 | NOTE | ||||
r-oldrel-windows-ix86+x86_64 | 1.1 | 143.00 | 265.00 | 408.00 | OK | |
r-oldrel-osx-x86_64 | 1.1 | NOTE |
Version: 1.1
Check: compiled code
Result: NOTE
File ‘MADPop/libs/MADPop.so’:
Found no calls to: ‘R_registerRoutines’, ‘R_useDynamicSymbols’
It is good practice to register native routines and to disable symbol
search.
See ‘Writing portable packages’ in the ‘Writing R Extensions’ manual.
Flavors: r-devel-linux-x86_64-debian-clang, r-devel-linux-x86_64-debian-gcc, r-devel-linux-x86_64-fedora-clang, r-devel-linux-x86_64-fedora-gcc, r-patched-linux-x86_64, r-release-linux-x86_64
Version: 1.1
Check: installed package size
Result: NOTE
installed size is 24.9Mb
sub-directories of 1Mb or more:
libs 24.6Mb
Flavors: r-devel-linux-x86_64-fedora-clang, r-release-osx-x86_64, r-oldrel-osx-x86_64
Version: 1.1
Check: dependencies in R code
Result: NOTE
Namespace in Imports field not imported from: ‘methods’
All declared Imports should be used.
Flavors: r-devel-linux-x86_64-fedora-clang, r-devel-linux-x86_64-fedora-gcc, r-patched-solaris-x86, r-release-osx-x86_64, r-oldrel-osx-x86_64