Last updated on 2018-07-17 01:47:10 CEST.
Flavor | Version | Tinstall | Tcheck | Ttotal | Status | Flags |
---|---|---|---|---|---|---|
r-devel-linux-x86_64-debian-clang | 0.05 | 0.63 | 69.46 | 70.09 | NOTE | |
r-devel-linux-x86_64-debian-gcc | 0.05 | 0.82 | 58.01 | 58.83 | NOTE | |
r-devel-linux-x86_64-fedora-clang | 0.05 | 92.35 | NOTE | |||
r-devel-linux-x86_64-fedora-gcc | 0.05 | 88.79 | NOTE | |||
r-devel-windows-ix86+x86_64 | 0.05 | 3.00 | 96.00 | 99.00 | NOTE | |
r-patched-linux-x86_64 | 0.05 | 0.78 | 70.19 | 70.97 | NOTE | |
r-patched-solaris-x86 | 0.05 | 201.50 | NOTE | |||
r-release-linux-x86_64 | 0.05 | 0.98 | 71.28 | 72.26 | NOTE | |
r-release-windows-ix86+x86_64 | 0.05 | 4.00 | 94.00 | 98.00 | NOTE | |
r-release-osx-x86_64 | 0.05 | NOTE | ||||
r-oldrel-windows-ix86+x86_64 | 0.05 | 3.00 | 109.00 | 112.00 | NOTE | |
r-oldrel-osx-x86_64 | 0.05 | NOTE |
Version: 0.05
Check: DESCRIPTION meta-information
Result: NOTE
Malformed Title field: should not end in a period.
Malformed Description field: should contain one or more complete sentences.
Flavors: r-devel-linux-x86_64-debian-clang, r-devel-linux-x86_64-debian-gcc, r-devel-linux-x86_64-fedora-clang, r-devel-linux-x86_64-fedora-gcc, r-devel-windows-ix86+x86_64, r-patched-linux-x86_64, r-patched-solaris-x86, r-release-linux-x86_64, r-release-windows-ix86+x86_64, r-release-osx-x86_64, r-oldrel-windows-ix86+x86_64, r-oldrel-osx-x86_64
Version: 0.05
Check: R code for possible problems
Result: NOTE
mkle: no visible global function definition for ‘sd’
mkle: no visible global function definition for ‘density’
mkle: no visible global function definition for ‘optimize’
mkle.ci: no visible global function definition for ‘sd’
mkle.ci: no visible binding for global variable ‘var’
mkle.ci: no visible global function definition for ‘quantile’
mkle.ci: no visible global function definition for ‘qnorm’
opt.bw: no visible global function definition for ‘sd’
opt.bw : mse: no visible global function definition for ‘var’
opt.bw: no visible global function definition for ‘optimize’
opt.bw: no visible global function definition for ‘var’
Undefined global functions or variables:
density optimize qnorm quantile sd var
Consider adding
importFrom("stats", "density", "optimize", "qnorm", "quantile", "sd",
"var")
to your NAMESPACE file.
Flavors: r-devel-linux-x86_64-debian-clang, r-devel-linux-x86_64-debian-gcc, r-devel-linux-x86_64-fedora-clang, r-devel-linux-x86_64-fedora-gcc, r-devel-windows-ix86+x86_64, r-patched-linux-x86_64, r-patched-solaris-x86, r-release-linux-x86_64, r-release-windows-ix86+x86_64, r-release-osx-x86_64, r-oldrel-windows-ix86+x86_64, r-oldrel-osx-x86_64