CRAN Package Check Results for Package MPINet

Last updated on 2018-07-17 01:47:11 CEST.

Flavor Version Tinstall Tcheck Ttotal Status Flags
r-devel-linux-x86_64-debian-clang 1.0 5.69 66.20 71.89 NOTE
r-devel-linux-x86_64-debian-gcc 1.0 4.87 58.75 63.62 NOTE
r-devel-linux-x86_64-fedora-clang 1.0 93.38 NOTE
r-devel-linux-x86_64-fedora-gcc 1.0 94.26 NOTE
r-devel-windows-ix86+x86_64 1.0 12.00 89.00 101.00 NOTE
r-patched-linux-x86_64 1.0 5.24 63.29 68.53 NOTE
r-patched-solaris-x86 1.0 132.40 NOTE
r-release-linux-x86_64 1.0 5.06 64.61 69.67 NOTE
r-release-windows-ix86+x86_64 1.0 11.00 106.00 117.00 NOTE
r-release-osx-x86_64 1.0 NOTE
r-oldrel-windows-ix86+x86_64 1.0 7.00 80.00 87.00 NOTE
r-oldrel-osx-x86_64 1.0 NOTE

Check Details

Version: 1.0
Check: DESCRIPTION meta-information
Result: NOTE
    Malformed Title field: should not end in a period.
Flavors: r-devel-linux-x86_64-debian-clang, r-devel-linux-x86_64-debian-gcc, r-devel-linux-x86_64-fedora-clang, r-devel-linux-x86_64-fedora-gcc, r-devel-windows-ix86+x86_64, r-patched-linux-x86_64, r-patched-solaris-x86, r-release-linux-x86_64, r-release-windows-ix86+x86_64, r-release-osx-x86_64, r-oldrel-windows-ix86+x86_64, r-oldrel-osx-x86_64

Version: 1.0
Check: R code for possible problems
Result: NOTE
    GetExampleData: no visible binding for global variable ‘MPINetData’
    Getenvir: no visible binding for global variable ‘MPINetData’
    getPSS: no visible global function definition for ‘lines’
    performpcls: no visible global function definition for ‘binomial’
    Undefined global functions or variables:
     MPINetData binomial lines
    Consider adding
     importFrom("graphics", "lines")
     importFrom("stats", "binomial")
    to your NAMESPACE file.
Flavors: r-devel-linux-x86_64-debian-clang, r-devel-linux-x86_64-debian-gcc, r-devel-linux-x86_64-fedora-clang, r-devel-linux-x86_64-fedora-gcc, r-devel-windows-ix86+x86_64, r-patched-linux-x86_64, r-patched-solaris-x86, r-release-linux-x86_64, r-release-windows-ix86+x86_64, r-release-osx-x86_64, r-oldrel-windows-ix86+x86_64, r-oldrel-osx-x86_64