Last updated on 2018-07-17 01:47:09 CEST.
Flavor | Version | Tinstall | Tcheck | Ttotal | Status | Flags |
---|---|---|---|---|---|---|
r-devel-linux-x86_64-debian-clang | 1.0 | 19.47 | 21.44 | 40.91 | NOTE | |
r-devel-linux-x86_64-debian-gcc | 1.0 | 15.92 | 18.64 | 34.56 | NOTE | |
r-devel-linux-x86_64-fedora-clang | 1.0 | 55.61 | NOTE | |||
r-devel-linux-x86_64-fedora-gcc | 1.0 | 54.96 | NOTE | |||
r-devel-windows-ix86+x86_64 | 1.0 | 46.00 | 72.00 | 118.00 | OK | |
r-patched-linux-x86_64 | 1.0 | 19.44 | 21.21 | 40.65 | NOTE | |
r-patched-solaris-x86 | 1.0 | 62.00 | OK | |||
r-release-linux-x86_64 | 1.0 | 17.10 | 21.22 | 38.32 | NOTE | |
r-release-windows-ix86+x86_64 | 1.0 | 47.00 | 64.00 | 111.00 | OK | |
r-release-osx-x86_64 | 1.0 | OK | ||||
r-oldrel-windows-ix86+x86_64 | 1.0 | 34.00 | 67.00 | 101.00 | OK | |
r-oldrel-osx-x86_64 | 1.0 | OK |
Version: 1.0
Check: compiled code
Result: NOTE
File ‘MediaK/libs/MediaK.so’:
Found no calls to: ‘R_registerRoutines’, ‘R_useDynamicSymbols’
It is good practice to register native routines and to disable symbol
search.
See ‘Writing portable packages’ in the ‘Writing R Extensions’ manual.
Flavors: r-devel-linux-x86_64-debian-clang, r-devel-linux-x86_64-debian-gcc, r-devel-linux-x86_64-fedora-clang, r-devel-linux-x86_64-fedora-gcc, r-patched-linux-x86_64, r-release-linux-x86_64