CRAN Package Check Results for Package MetamapsDB

Last updated on 2018-07-17 01:47:09 CEST.

Flavor Version Tinstall Tcheck Ttotal Status Flags
r-devel-linux-x86_64-debian-clang 0.0.2 27.51 293.53 321.04 OK
r-devel-linux-x86_64-debian-gcc 0.0.2 26.74 251.89 278.63 OK
r-devel-linux-x86_64-fedora-clang 0.0.2 414.00 NOTE
r-devel-linux-x86_64-fedora-gcc 0.0.2 425.92 NOTE
r-devel-windows-ix86+x86_64 0.0.2 64.00 301.00 365.00 OK
r-patched-linux-x86_64 0.0.2 22.16 260.55 282.71 OK
r-patched-solaris-x86 0.0.2 510.60 NOTE
r-release-linux-x86_64 0.0.2 21.87 260.39 282.26 OK
r-release-windows-ix86+x86_64 0.0.2 56.00 332.00 388.00 OK
r-release-osx-x86_64 0.0.2 ERROR
r-oldrel-windows-ix86+x86_64 0.0.2 46.00 348.00 394.00 OK
r-oldrel-osx-x86_64 0.0.2 NOTE

Check Details

Version: 0.0.2
Check: dependencies in R code
Result: NOTE
    Namespaces in Imports field not imported from:
     ‘Matrix’ ‘shiny’
     All declared Imports should be used.
Flavors: r-devel-linux-x86_64-fedora-clang, r-devel-linux-x86_64-fedora-gcc, r-patched-solaris-x86, r-oldrel-osx-x86_64

Version: 0.0.2
Check: package dependencies
Result: ERROR
    Package required but not available: ‘ShortRead’
    
    See section ‘The DESCRIPTION file’ in the ‘Writing R Extensions’
    manual.
Flavor: r-release-osx-x86_64