CRAN Package Check Results for Package MiSPU

Last updated on 2018-07-17 01:47:10 CEST.

Flavor Version Tinstall Tcheck Ttotal Status Flags
r-devel-linux-x86_64-debian-clang 1.0 27.68 91.06 118.74 NOTE
r-devel-linux-x86_64-debian-gcc 1.0 27.01 77.12 104.13 NOTE
r-devel-linux-x86_64-fedora-clang 1.0 157.45 NOTE
r-devel-linux-x86_64-fedora-gcc 1.0 161.68 NOTE
r-devel-windows-ix86+x86_64 1.0 63.00 147.00 210.00 OK
r-patched-linux-x86_64 1.0 30.19 79.14 109.33 NOTE
r-patched-solaris-x86 1.0 190.40 OK
r-release-linux-x86_64 1.0 33.33 79.59 112.92 NOTE
r-release-windows-ix86+x86_64 1.0 78.00 171.00 249.00 OK
r-release-osx-x86_64 1.0 OK
r-oldrel-windows-ix86+x86_64 1.0 50.00 198.00 248.00 OK
r-oldrel-osx-x86_64 1.0 OK

Check Details

Version: 1.0
Check: compiled code
Result: NOTE
    File ‘MiSPU/libs/MiSPU.so’:
     Found no calls to: ‘R_registerRoutines’, ‘R_useDynamicSymbols’
    
    It is good practice to register native routines and to disable symbol
    search.
    
    See ‘Writing portable packages’ in the ‘Writing R Extensions’ manual.
Flavors: r-devel-linux-x86_64-debian-clang, r-devel-linux-x86_64-debian-gcc, r-devel-linux-x86_64-fedora-clang, r-devel-linux-x86_64-fedora-gcc, r-patched-linux-x86_64, r-release-linux-x86_64