CRAN Package Check Results for Package MixAll

Last updated on 2018-07-17 01:47:10 CEST.

Flavor Version Tinstall Tcheck Ttotal Status Flags
r-devel-linux-x86_64-debian-clang 1.4.2 636.67 70.41 707.08 OK
r-devel-linux-x86_64-debian-gcc 1.4.2 543.61 59.06 602.67 OK
r-devel-linux-x86_64-fedora-clang 1.4.2 1039.27 NOTE
r-devel-linux-x86_64-fedora-gcc 1.4.2 1077.15 OK
r-devel-windows-ix86+x86_64 1.4.2 1590.00 194.00 1784.00 NOTE
r-patched-linux-x86_64 1.4.2 672.19 72.87 745.06 OK
r-patched-solaris-x86 1.4.2 795.00 NOTE
r-release-linux-x86_64 1.4.2 653.06 73.05 726.11 OK
r-release-windows-ix86+x86_64 1.4.2 1638.00 177.00 1815.00 NOTE
r-release-osx-x86_64 1.4.2 NOTE
r-oldrel-windows-ix86+x86_64 1.4.2 1193.00 190.00 1383.00 NOTE
r-oldrel-osx-x86_64 1.4.2 NOTE

Check Details

Version: 1.4.2
Check: installed package size
Result: NOTE
     installed size is 39.8Mb
     sub-directories of 1Mb or more:
     libs 37.6Mb
Flavors: r-devel-linux-x86_64-fedora-clang, r-devel-windows-ix86+x86_64, r-patched-solaris-x86, r-release-windows-ix86+x86_64, r-release-osx-x86_64, r-oldrel-windows-ix86+x86_64, r-oldrel-osx-x86_64