Last updated on 2018-07-17 01:47:10 CEST.
Flavor | Version | Tinstall | Tcheck | Ttotal | Status | Flags |
---|---|---|---|---|---|---|
r-devel-linux-x86_64-debian-clang | 0.1-0 | 7.67 | 87.36 | 95.03 | OK | |
r-devel-linux-x86_64-debian-gcc | 0.1-0 | 8.26 | 72.93 | 81.19 | OK | |
r-devel-linux-x86_64-fedora-clang | 0.1-0 | 125.95 | OK | |||
r-devel-linux-x86_64-fedora-gcc | 0.1-0 | 124.19 | OK | |||
r-devel-windows-ix86+x86_64 | 0.1-0 | 26.00 | 145.00 | 171.00 | OK | |
r-patched-linux-x86_64 | 0.1-0 | 10.48 | 85.38 | 95.86 | OK | |
r-patched-solaris-x86 | 0.1-0 | 164.50 | OK | |||
r-release-linux-x86_64 | 0.1-0 | 7.02 | 86.13 | 93.15 | OK | |
r-release-windows-ix86+x86_64 | 0.1-0 | 26.00 | 172.00 | 198.00 | OK | |
r-release-osx-x86_64 | 0.1-0 | NOTE | ||||
r-oldrel-windows-ix86+x86_64 | 0.1-0 | 14.00 | 134.00 | 148.00 | OK | |
r-oldrel-osx-x86_64 | 0.1-0 | NOTE |
Version: 0.1-0
Check: package dependencies
Result: NOTE
Package which this enhances but not available for checking: ‘pbdMPI’
Flavors: r-release-osx-x86_64, r-oldrel-osx-x86_64