CRAN Package Check Results for Package Morpho

Last updated on 2018-07-17 01:47:10 CEST.

Flavor Version Tinstall Tcheck Ttotal Status Flags
r-devel-linux-x86_64-debian-clang 2.6 202.87 145.71 348.58 OK
r-devel-linux-x86_64-debian-gcc 2.6 171.70 121.65 293.35 OK
r-devel-linux-x86_64-fedora-clang 2.6 494.94 NOTE
r-devel-linux-x86_64-fedora-gcc 2.6 495.35 OK
r-devel-windows-ix86+x86_64 2.6 504.00 246.00 750.00 NOTE
r-patched-linux-x86_64 2.6 214.57 144.45 359.02 OK
r-patched-solaris-x86 2.6 465.40 OK
r-release-linux-x86_64 2.6 214.54 144.37 358.91 OK
r-release-windows-ix86+x86_64 2.6 502.00 293.00 795.00 NOTE
r-release-osx-x86_64 2.6 NOTE
r-oldrel-windows-ix86+x86_64 2.6 381.00 224.00 605.00 NOTE
r-oldrel-osx-x86_64 2.6 NOTE

Check Details

Version: 2.6
Check: installed package size
Result: NOTE
     installed size is 11.6Mb
     sub-directories of 1Mb or more:
     data 2.0Mb
     libs 7.9Mb
Flavors: r-devel-linux-x86_64-fedora-clang, r-devel-windows-ix86+x86_64, r-release-windows-ix86+x86_64, r-release-osx-x86_64, r-oldrel-windows-ix86+x86_64, r-oldrel-osx-x86_64