CRAN Package Check Results for Package NPsimex

Last updated on 2018-07-17 01:47:12 CEST.

Flavor Version Tinstall Tcheck Ttotal Status Flags
r-devel-linux-x86_64-debian-clang 0.2-1 1.75 33.70 35.45 NOTE
r-devel-linux-x86_64-debian-gcc 0.2-1 1.36 28.13 29.49 NOTE
r-devel-linux-x86_64-fedora-clang 0.2-1 47.15 NOTE
r-devel-linux-x86_64-fedora-gcc 0.2-1 46.31 NOTE
r-devel-windows-ix86+x86_64 0.2-1 8.00 92.00 100.00 NOTE
r-patched-linux-x86_64 0.2-1 1.80 35.87 37.67 NOTE
r-patched-solaris-x86 0.2-1 68.10 NOTE
r-release-linux-x86_64 0.2-1 1.54 35.83 37.37 NOTE
r-release-windows-ix86+x86_64 0.2-1 9.00 93.00 102.00 NOTE
r-release-osx-x86_64 0.2-1 NOTE
r-oldrel-windows-ix86+x86_64 0.2-1 5.00 92.00 97.00 NOTE
r-oldrel-osx-x86_64 0.2-1 NOTE

Check Details

Version: 0.2-1
Check: for hidden files and directories
Result: NOTE
    Found the following hidden files and directories:
     .Rapp.history
    These were most likely included in error. See section ‘Package
    structure’ in the ‘Writing R Extensions’ manual.
Flavors: r-devel-linux-x86_64-debian-clang, r-devel-linux-x86_64-debian-gcc, r-devel-linux-x86_64-fedora-clang, r-devel-linux-x86_64-fedora-gcc, r-devel-windows-ix86+x86_64, r-patched-linux-x86_64, r-patched-solaris-x86, r-release-linux-x86_64, r-release-windows-ix86+x86_64, r-release-osx-x86_64, r-oldrel-windows-ix86+x86_64, r-oldrel-osx-x86_64

Version: 0.2-1
Check: top-level files
Result: NOTE
    File
     LICENSE
    is not mentioned in the DESCRIPTION file.
Flavors: r-devel-linux-x86_64-debian-clang, r-devel-linux-x86_64-debian-gcc, r-devel-linux-x86_64-fedora-clang, r-devel-linux-x86_64-fedora-gcc, r-devel-windows-ix86+x86_64, r-patched-linux-x86_64, r-patched-solaris-x86, r-release-linux-x86_64, r-release-windows-ix86+x86_64, r-release-osx-x86_64, r-oldrel-windows-ix86+x86_64, r-oldrel-osx-x86_64

Version: 0.2-1
Check: R code for possible problems
Result: NOTE
    File ‘NPsimex/R/onload.R’:
     .onLoad calls:
     packageStartupMessage("NPsimex 0.2-1 loaded")
    
    See section ‘Good practice’ in '?.onAttach'.
    
    lambda.select: no visible global function definition for ‘bw.nrd0’
    lambda.select: no visible global function definition for ‘bw.nrd’
    lambda.select: no visible global function definition for ‘bw.ucv’
    lambda.select: no visible global function definition for ‘bw.bcv’
    lambda.select: no visible global function definition for ‘bw.SJ’
    plot.NPsimex: no visible global function definition for ‘plot.default’
    simex.H.density : simex1.est: no visible global function definition for
     ‘lm’
    simex.density : simex1.est: no visible global function definition for
     ‘lm’
    span.H.select: no visible global function definition for ‘density’
    span.H.select : conden : <anonymous>: no visible global function
     definition for ‘dnorm’
    span.select: no visible global function definition for ‘density’
    span.select : conden : <anonymous>: no visible global function
     definition for ‘dnorm’
    Undefined global functions or variables:
     bw.SJ bw.bcv bw.nrd bw.nrd0 bw.ucv density dnorm lm plot.default
    Consider adding
     importFrom("graphics", "plot.default")
     importFrom("stats", "bw.SJ", "bw.bcv", "bw.nrd", "bw.nrd0", "bw.ucv",
     "density", "dnorm", "lm")
    to your NAMESPACE file.
Flavors: r-devel-linux-x86_64-debian-clang, r-devel-linux-x86_64-debian-gcc, r-devel-linux-x86_64-fedora-clang, r-devel-linux-x86_64-fedora-gcc, r-devel-windows-ix86+x86_64, r-patched-linux-x86_64, r-patched-solaris-x86, r-release-linux-x86_64, r-release-windows-ix86+x86_64, r-release-osx-x86_64, r-oldrel-windows-ix86+x86_64, r-oldrel-osx-x86_64

Version: 0.2-1
Check: Rd files
Result: NOTE
    prepare_Rd: lambda.select.Rd:19-20: Dropping empty section \details
    prepare_Rd: lambda.select.Rd:21-22: Dropping empty section \value
    prepare_Rd: simex.H.density.Rd:28-29: Dropping empty section \details
    prepare_Rd: simex.density.Rd:28-29: Dropping empty section \details
    prepare_Rd: span.H.select.Rd:28-29: Dropping empty section \details
    prepare_Rd: span.H.select.Rd:30-31: Dropping empty section \value
    prepare_Rd: span.select.Rd:27-28: Dropping empty section \details
    prepare_Rd: span.select.Rd:29-30: Dropping empty section \value
Flavors: r-devel-linux-x86_64-debian-clang, r-devel-linux-x86_64-debian-gcc, r-devel-linux-x86_64-fedora-clang, r-devel-linux-x86_64-fedora-gcc, r-devel-windows-ix86+x86_64, r-patched-linux-x86_64, r-patched-solaris-x86, r-release-linux-x86_64, r-release-windows-ix86+x86_64, r-release-osx-x86_64, r-oldrel-windows-ix86+x86_64, r-oldrel-osx-x86_64

Version: 0.2-1
Check: Rd line widths
Result: NOTE
    Rd file 'simex.H.density.Rd':
     \examples lines wider than 100 characters:
     set.seed(123); X <- c(rnorm(N/2, mean=-2), rnorm(N/2,mean=2)); U <- rnorm(N,sd=1); msigma <- runif(N,min=0.3,max=0.5)
    
    Rd file 'span.H.select.Rd':
     \usage lines wider than 90 characters:
     span.H.select(W, msigma, span=c(2,4,6,8,10,12,25), approx=FALSE, from=min(W), to=max(W), n.user=128, n.lambda=50, lambda="SJ", bw="SJ" ... [TRUNCATED]
     \examples lines wider than 100 characters:
     set.seed(123); X <- c(rnorm(N/2, mean=-2), rnorm(N/2,mean=2)); U <- rnorm(N,sd=1); msigma <- runif(N,min=0.3,max=0.5)
     X.simex <- simex.H.density(W, msigma=msigma, adjust=1, n.lambda=50, span=spans$span[order(spans$ISE)[1]])
     # X.simex <- simex.H.density(W, msigma=msigma, adjust=1, n.lambda=50, span=spans$span[order(spans$ISE)[1]])
    
    Rd file 'span.select.Rd':
     \usage lines wider than 90 characters:
     span.select(W, msigma, span=c(2,4,6,8,10,12,25), from=min(W), to=max(W), n.user=128, n.lambda=50, lambda="SJ", bw="SJ", adjust=1, na.r ... [TRUNCATED]
     \examples lines wider than 100 characters:
     X.simex <- simex.density(W, msigma=msigma, adjust=1, n.lambda=50, span=spans$span[order(spans$ISE)[1]])
    
    These lines will be truncated in the PDF manual.
Flavors: r-devel-linux-x86_64-debian-clang, r-devel-linux-x86_64-debian-gcc, r-devel-linux-x86_64-fedora-clang, r-devel-linux-x86_64-fedora-gcc, r-patched-linux-x86_64, r-release-linux-x86_64

Version: 0.2-1
Check: compiled code
Result: NOTE
    File ‘NPsimex/libs/NPsimex.so’:
     Found no calls to: ‘R_registerRoutines’, ‘R_useDynamicSymbols’
    
    It is good practice to register native routines and to disable symbol
    search.
    
    See ‘Writing portable packages’ in the ‘Writing R Extensions’ manual.
Flavors: r-devel-linux-x86_64-debian-clang, r-devel-linux-x86_64-debian-gcc, r-devel-linux-x86_64-fedora-clang, r-devel-linux-x86_64-fedora-gcc, r-patched-linux-x86_64, r-release-linux-x86_64