CRAN Package Check Results for Package PKPDmodels

Last updated on 2018-07-17 01:47:14 CEST.

Flavor Version Tinstall Tcheck Ttotal Status Flags
r-devel-linux-x86_64-debian-clang 0.3.2 0.86 19.04 19.90 NOTE
r-devel-linux-x86_64-debian-gcc 0.3.2 0.70 17.03 17.73 NOTE
r-devel-linux-x86_64-fedora-clang 0.3.2 26.65 NOTE
r-devel-linux-x86_64-fedora-gcc 0.3.2 25.48 NOTE
r-devel-windows-ix86+x86_64 0.3.2 3.00 33.00 36.00 NOTE
r-patched-linux-x86_64 0.3.2 0.78 20.03 20.81 NOTE
r-patched-solaris-x86 0.3.2 39.60 NOTE
r-release-linux-x86_64 0.3.2 0.94 20.00 20.94 NOTE
r-release-windows-ix86+x86_64 0.3.2 3.00 48.00 51.00 NOTE
r-release-osx-x86_64 0.3.2 NOTE
r-oldrel-windows-ix86+x86_64 0.3.2 3.00 51.00 54.00 NOTE
r-oldrel-osx-x86_64 0.3.2 NOTE

Check Details

Version: 0.3.2
Check: R code for possible problems
Result: NOTE
    PKmod: no visible global function definition for ‘deriv’
    Undefined global functions or variables:
     deriv
    Consider adding
     importFrom("stats", "deriv")
    to your NAMESPACE file.
Flavors: r-devel-linux-x86_64-debian-clang, r-devel-linux-x86_64-debian-gcc, r-devel-linux-x86_64-fedora-clang, r-devel-linux-x86_64-fedora-gcc, r-devel-windows-ix86+x86_64, r-patched-linux-x86_64, r-patched-solaris-x86, r-release-linux-x86_64, r-release-windows-ix86+x86_64, r-release-osx-x86_64, r-oldrel-windows-ix86+x86_64, r-oldrel-osx-x86_64