Last updated on 2018-07-17 01:47:14 CEST.
Flavor | Version | Tinstall | Tcheck | Ttotal | Status | Flags |
---|---|---|---|---|---|---|
r-devel-linux-x86_64-debian-clang | 2.1 | 43.94 | 35.41 | 79.35 | NOTE | |
r-devel-linux-x86_64-debian-gcc | 2.1 | 38.38 | 32.36 | 70.74 | NOTE | |
r-devel-linux-x86_64-fedora-clang | 2.1 | 104.28 | NOTE | |||
r-devel-linux-x86_64-fedora-gcc | 2.1 | 110.60 | NOTE | |||
r-devel-windows-ix86+x86_64 | 2.1 | 99.00 | 82.00 | 181.00 | OK | |
r-patched-linux-x86_64 | 2.1 | 42.86 | 37.66 | 80.52 | NOTE | |
r-patched-solaris-x86 | 2.1 | 215.10 | OK | |||
r-release-linux-x86_64 | 2.1 | 43.35 | 38.16 | 81.51 | NOTE | |
r-release-windows-ix86+x86_64 | 2.1 | 98.00 | 105.00 | 203.00 | OK | |
r-release-osx-x86_64 | 2.1 | NOTE | ||||
r-oldrel-windows-ix86+x86_64 | 2.1 | 78.00 | 101.00 | 179.00 | OK | |
r-oldrel-osx-x86_64 | 2.1 | NOTE |
Version: 2.1
Check: compiled code
Result: NOTE
File ‘PhyloMeasures/libs/PhyloMeasures.so’:
Found no calls to: ‘R_registerRoutines’, ‘R_useDynamicSymbols’
It is good practice to register native routines and to disable symbol
search.
See ‘Writing portable packages’ in the ‘Writing R Extensions’ manual.
Flavors: r-devel-linux-x86_64-debian-clang, r-devel-linux-x86_64-debian-gcc, r-devel-linux-x86_64-fedora-clang, r-devel-linux-x86_64-fedora-gcc, r-patched-linux-x86_64, r-release-linux-x86_64
Version: 2.1
Check: installed package size
Result: NOTE
installed size is 8.6Mb
sub-directories of 1Mb or more:
libs 8.4Mb
Flavors: r-devel-linux-x86_64-fedora-clang, r-release-osx-x86_64, r-oldrel-osx-x86_64