Last updated on 2018-07-17 01:47:14 CEST.
Flavor | Version | Tinstall | Tcheck | Ttotal | Status | Flags |
---|---|---|---|---|---|---|
r-devel-linux-x86_64-debian-clang | 0.1.0 | 6.63 | 57.18 | 63.81 | OK | |
r-devel-linux-x86_64-debian-gcc | 0.1.0 | 5.33 | 51.67 | 57.00 | OK | |
r-devel-linux-x86_64-fedora-clang | 0.1.0 | 82.55 | NOTE | |||
r-devel-linux-x86_64-fedora-gcc | 0.1.0 | 78.57 | NOTE | |||
r-devel-windows-ix86+x86_64 | 0.1.0 | 13.00 | 70.00 | 83.00 | OK | |
r-patched-linux-x86_64 | 0.1.0 | 3.88 | 56.27 | 60.15 | OK | |
r-patched-solaris-x86 | 0.1.0 | 113.40 | NOTE | |||
r-release-linux-x86_64 | 0.1.0 | 6.09 | 56.59 | 62.68 | OK | |
r-release-windows-ix86+x86_64 | 0.1.0 | 11.00 | 90.00 | 101.00 | OK | |
r-release-osx-x86_64 | 0.1.0 | NOTE | ||||
r-oldrel-windows-ix86+x86_64 | 0.1.0 | 7.00 | 62.00 | 69.00 | OK | |
r-oldrel-osx-x86_64 | 0.1.0 | NOTE |
Version: 0.1.0
Check: dependencies in R code
Result: NOTE
Namespaces in Imports field not imported from:
‘MASS’ ‘Matrix’ ‘RColorBrewer’ ‘arm’ ‘epiDisplay’ ‘foreign’ ‘gbm’
‘grid’ ‘lattice’ ‘latticeExtra’ ‘lme4’ ‘nnet’ ‘parallel’ ‘splines’
‘survey’ ‘twang’ ‘xtable’
All declared Imports should be used.
Flavors: r-devel-linux-x86_64-fedora-clang, r-devel-linux-x86_64-fedora-gcc, r-patched-solaris-x86, r-release-osx-x86_64, r-oldrel-osx-x86_64