CRAN Package Check Results for Package RANN

Last updated on 2018-07-17 01:47:16 CEST.

Flavor Version Tinstall Tcheck Ttotal Status Flags
r-devel-linux-x86_64-debian-clang 2.5.1 12.62 15.81 28.43 WARN
r-devel-linux-x86_64-debian-gcc 2.5.1 9.03 14.30 23.33 OK
r-devel-linux-x86_64-fedora-clang 2.6 46.08 OK
r-devel-linux-x86_64-fedora-gcc 2.6 33.75 OK
r-devel-windows-ix86+x86_64 2.5.1 46.00 43.00 89.00 OK
r-patched-linux-x86_64 2.5.1 12.31 16.51 28.82 OK
r-patched-solaris-x86 2.5.1 51.90 OK
r-release-linux-x86_64 2.5.1 12.94 16.59 29.53 OK
r-release-windows-ix86+x86_64 2.5.1 39.00 58.00 97.00 OK
r-release-osx-x86_64 2.5.1 WARN
r-oldrel-windows-ix86+x86_64 2.6 50.00 79.00 129.00 OK
r-oldrel-osx-x86_64 2.5.1 OK

Check Details

Version: 2.5.1
Check: whether package can be installed
Result: WARN
    Found the following significant warnings:
     ANN.cpp:54:2: warning: 'register' storage class specifier is deprecated and incompatible with C++17 [-Wdeprecated-register]
     ANN.cpp:55:2: warning: 'register' storage class specifier is deprecated and incompatible with C++17 [-Wdeprecated-register]
     ANN.cpp:56:2: warning: 'register' storage class specifier is deprecated and incompatible with C++17 [-Wdeprecated-register]
     ./pr_queue_k.h:103:4: warning: 'register' storage class specifier is deprecated and incompatible with C++17 [-Wdeprecated-register]
     ./pr_queue.h:89:4: warning: 'register' storage class specifier is deprecated and incompatible with C++17 [-Wdeprecated-register]
     ./pr_queue.h:91:5: warning: 'register' storage class specifier is deprecated and incompatible with C++17 [-Wdeprecated-register]
     ./pr_queue.h:108:4: warning: 'register' storage class specifier is deprecated and incompatible with C++17 [-Wdeprecated-register]
     ./pr_queue.h:109:4: warning: 'register' storage class specifier is deprecated and incompatible with C++17 [-Wdeprecated-register]
     ./pr_queue.h:110:4: warning: 'register' storage class specifier is deprecated and incompatible with C++17 [-Wdeprecated-register]
     kd_fix_rad_search.cpp:150:2: warning: 'register' storage class specifier is deprecated and incompatible with C++17 [-Wdeprecated-register]
     kd_fix_rad_search.cpp:151:2: warning: 'register' storage class specifier is deprecated and incompatible with C++17 [-Wdeprecated-register]
     kd_fix_rad_search.cpp:152:2: warning: 'register' storage class specifier is deprecated and incompatible with C++17 [-Wdeprecated-register]
     kd_fix_rad_search.cpp:153:2: warning: 'register' storage class specifier is deprecated and incompatible with C++17 [-Wdeprecated-register]
     kd_fix_rad_search.cpp:154:2: warning: 'register' storage class specifier is deprecated and incompatible with C++17 [-Wdeprecated-register]
     kd_pr_search.cpp:183:2: warning: 'register' storage class specifier is deprecated and incompatible with C++17 [-Wdeprecated-register]
     kd_pr_search.cpp:184:2: warning: 'register' storage class specifier is deprecated and incompatible with C++17 [-Wdeprecated-register]
     kd_pr_search.cpp:185:2: warning: 'register' storage class specifier is deprecated and incompatible with C++17 [-Wdeprecated-register]
     kd_pr_search.cpp:186:2: warning: 'register' storage class specifier is deprecated and incompatible with C++17 [-Wdeprecated-register]
     kd_pr_search.cpp:187:2: warning: 'register' storage class specifier is deprecated and incompatible with C++17 [-Wdeprecated-register]
     kd_pr_search.cpp:188:2: warning: 'register' storage class specifier is deprecated and incompatible with C++17 [-Wdeprecated-register]
     kd_search.cpp:174:2: warning: 'register' storage class specifier is deprecated and incompatible with C++17 [-Wdeprecated-register]
     kd_search.cpp:175:2: warning: 'register' storage class specifier is deprecated and incompatible with C++17 [-Wdeprecated-register]
     kd_search.cpp:176:2: warning: 'register' storage class specifier is deprecated and incompatible with C++17 [-Wdeprecated-register]
     kd_search.cpp:177:2: warning: 'register' storage class specifier is deprecated and incompatible with C++17 [-Wdeprecated-register]
     kd_search.cpp:178:2: warning: 'register' storage class specifier is deprecated and incompatible with C++17 [-Wdeprecated-register]
     kd_search.cpp:179:2: warning: 'register' storage class specifier is deprecated and incompatible with C++17 [-Wdeprecated-register]
     kd_util.cpp:130:2: warning: 'register' storage class specifier is deprecated and incompatible with C++17 [-Wdeprecated-register]
     kd_util.cpp:131:2: warning: 'register' storage class specifier is deprecated and incompatible with C++17 [-Wdeprecated-register]
     kd_util.cpp:133:7: warning: 'register' storage class specifier is deprecated and incompatible with C++17 [-Wdeprecated-register]
     kd_util.cpp:241:3: warning: 'register' storage class specifier is deprecated and incompatible with C++17 [-Wdeprecated-register]
     kd_util.cpp:242:3: warning: 'register' storage class specifier is deprecated and incompatible with C++17 [-Wdeprecated-register]
Flavors: r-devel-linux-x86_64-debian-clang, r-release-osx-x86_64