CRAN Package Check Results for Package RHPCBenchmark

Last updated on 2018-07-17 01:47:18 CEST.

Flavor Version Tinstall Tcheck Ttotal Status Flags
r-devel-linux-x86_64-debian-clang 0.1.0 3.32 30.16 33.48 OK
r-devel-linux-x86_64-debian-gcc 0.1.0 2.39 25.80 28.19 OK
r-devel-linux-x86_64-fedora-clang 0.1.0 40.79 OK
r-devel-linux-x86_64-fedora-gcc 0.1.0 39.50 OK
r-devel-windows-ix86+x86_64 0.1.0 8.00 45.00 53.00 OK
r-patched-linux-x86_64 0.1.0 3.47 30.34 33.81 NOTE
r-patched-solaris-x86 0.1.0 58.50 OK
r-release-linux-x86_64 0.1.0 3.78 30.86 34.64 NOTE
r-release-windows-ix86+x86_64 0.1.0 9.00 55.00 64.00 OK
r-release-osx-x86_64 0.1.0 OK
r-oldrel-windows-ix86+x86_64 0.1.0 4.00 61.00 65.00 OK
r-oldrel-osx-x86_64 0.1.0 OK

Check Details

Version: 0.1.0
Check: DESCRIPTION meta-information
Result: NOTE
    Dependence on R version ‘3.3.1’ not with patchlevel 0
Flavors: r-patched-linux-x86_64, r-release-linux-x86_64