Last updated on 2018-07-17 01:47:18 CEST.
Flavor | Version | Tinstall | Tcheck | Ttotal | Status | Flags |
---|---|---|---|---|---|---|
r-devel-linux-x86_64-debian-clang | 0.2.1 | 5.36 | 63.12 | 68.48 | OK | |
r-devel-linux-x86_64-debian-gcc | 0.2.1 | 4.50 | 55.27 | 59.77 | OK | |
r-devel-linux-x86_64-fedora-clang | 0.2.1 | 86.05 | NOTE | |||
r-devel-linux-x86_64-fedora-gcc | 0.2.1 | 84.05 | NOTE | |||
r-devel-windows-ix86+x86_64 | 0.2.1 | 18.00 | 78.00 | 96.00 | OK | |
r-patched-linux-x86_64 | 0.2.1 | 4.40 | 58.42 | 62.82 | OK | |
r-patched-solaris-x86 | 0.2.1 | 116.30 | NOTE | |||
r-release-linux-x86_64 | 0.2.1 | 4.70 | 59.14 | 63.84 | OK | |
r-release-windows-ix86+x86_64 | 0.2.1 | 17.00 | 97.00 | 114.00 | OK | |
r-release-osx-x86_64 | 0.2.1 | NOTE | ||||
r-oldrel-windows-ix86+x86_64 | 0.2.1 | 10.00 | 108.00 | 118.00 | OK | |
r-oldrel-osx-x86_64 | 0.2.1 | NOTE |
Version: 0.2.1
Check: dependencies in R code
Result: NOTE
Namespaces in Imports field not imported from:
‘DT’ ‘knitr’
All declared Imports should be used.
Flavors: r-devel-linux-x86_64-fedora-clang, r-devel-linux-x86_64-fedora-gcc, r-patched-solaris-x86, r-release-osx-x86_64, r-oldrel-osx-x86_64