CRAN Package Check Results for Package RPostgres

Last updated on 2018-07-17 01:47:19 CEST.

Flavor Version Tinstall Tcheck Ttotal Status Flags
r-devel-linux-x86_64-debian-clang 1.1.1 114.71 33.92 148.63 OK
r-devel-linux-x86_64-debian-gcc 1.1.1 94.05 29.24 123.29 OK
r-devel-linux-x86_64-fedora-clang 1.1.1 230.30 OK
r-devel-linux-x86_64-fedora-gcc 1.1.1 199.57 OK
r-devel-windows-ix86+x86_64 1.1.1 702.00 99.00 801.00 NOTE
r-patched-linux-x86_64 1.1.1 120.70 32.69 153.39 OK
r-patched-solaris-x86 1.1.1 3.60 ERROR
r-release-linux-x86_64 1.1.1 115.76 33.00 148.76 OK
r-release-windows-ix86+x86_64 1.1.1 722.00 119.00 841.00 NOTE
r-release-osx-x86_64 1.1.1 OK
r-oldrel-windows-ix86+x86_64 1.1.1 512.00 79.00 591.00 NOTE
r-oldrel-osx-x86_64 1.1.1 OK

Check Details

Version: 1.1.1
Check: installed package size
Result: NOTE
     installed size is 6.1Mb
     sub-directories of 1Mb or more:
     libs 5.8Mb
Flavors: r-devel-windows-ix86+x86_64, r-release-windows-ix86+x86_64, r-oldrel-windows-ix86+x86_64

Version: 1.1.1
Check: whether package can be installed
Result: ERROR
    Installation failed.
Flavor: r-patched-solaris-x86