Last updated on 2018-07-17 01:47:19 CEST.
Flavor | Version | Tinstall | Tcheck | Ttotal | Status | Flags |
---|---|---|---|---|---|---|
r-devel-linux-x86_64-debian-clang | 0.9.12 | 8.52 | 59.38 | 67.90 | OK | |
r-devel-linux-x86_64-debian-gcc | 0.9.12 | 7.03 | 50.60 | 57.63 | OK | |
r-devel-linux-x86_64-fedora-clang | 0.9.12 | 84.74 | OK | |||
r-devel-linux-x86_64-fedora-gcc | 0.9.12 | 80.66 | OK | |||
r-devel-windows-ix86+x86_64 | 0.9.12 | 18.00 | 71.00 | 89.00 | OK | |
r-patched-linux-x86_64 | 0.9.12 | 7.05 | 60.37 | 67.42 | OK | |
r-patched-solaris-x86 | 0.9.12 | 118.30 | OK | |||
r-release-linux-x86_64 | 0.9.12 | 7.64 | 59.49 | 67.13 | OK | |
r-release-windows-ix86+x86_64 | 0.9.12 | 16.00 | 116.00 | 132.00 | OK | |
r-release-osx-x86_64 | 0.9.12 | WARN | ||||
r-oldrel-windows-ix86+x86_64 | 0.9.12 | 7.00 | 68.00 | 75.00 | OK | |
r-oldrel-osx-x86_64 | 0.9.12 | WARN |
Version: 0.9.12
Check: whether package can be installed
Result: WARN
Found the following significant warnings:
Warning: loading Rplot failed
Flavors: r-release-osx-x86_64, r-oldrel-osx-x86_64