CRAN Package Check Results for Package RWBP

Last updated on 2018-07-17 01:47:20 CEST.

Flavor Version Tinstall Tcheck Ttotal Status Flags
r-devel-linux-x86_64-debian-clang 1.0 1.25 23.18 24.43 NOTE
r-devel-linux-x86_64-debian-gcc 1.0 1.10 20.71 21.81 NOTE
r-devel-linux-x86_64-fedora-clang 1.0 32.28 NOTE
r-devel-linux-x86_64-fedora-gcc 1.0 30.11 NOTE
r-devel-windows-ix86+x86_64 1.0 4.00 39.00 43.00 NOTE
r-patched-linux-x86_64 1.0 1.36 24.46 25.82 NOTE
r-patched-solaris-x86 1.0 52.00 NOTE
r-release-linux-x86_64 1.0 1.29 24.54 25.83 NOTE
r-release-windows-ix86+x86_64 1.0 4.00 50.00 54.00 NOTE
r-release-osx-x86_64 1.0 NOTE
r-oldrel-windows-ix86+x86_64 1.0 3.00 49.00 52.00 NOTE
r-oldrel-osx-x86_64 1.0 NOTE

Check Details

Version: 1.0
Check: R code for possible problems
Result: NOTE
    RWBP.default: no visible global function definition for ‘na.omit’
    RWBP.default: no visible global function definition for ‘kmeans’
    RWBP.formula: no visible global function definition for ‘model.extract’
    plot.RWBP: no visible global function definition for ‘plot’
    predict.RWBP: no visible global function definition for ‘head’
    Undefined global functions or variables:
     head kmeans model.extract na.omit plot
    Consider adding
     importFrom("graphics", "plot")
     importFrom("stats", "kmeans", "model.extract", "na.omit")
     importFrom("utils", "head")
    to your NAMESPACE file.
Flavors: r-devel-linux-x86_64-debian-clang, r-devel-linux-x86_64-debian-gcc, r-devel-linux-x86_64-fedora-clang, r-devel-linux-x86_64-fedora-gcc, r-devel-windows-ix86+x86_64, r-patched-linux-x86_64, r-patched-solaris-x86, r-release-linux-x86_64, r-release-windows-ix86+x86_64, r-release-osx-x86_64, r-oldrel-windows-ix86+x86_64, r-oldrel-osx-x86_64