CRAN Package Check Results for Package Rcrawler

Last updated on 2018-07-17 01:47:17 CEST.

Flavor Version Tinstall Tcheck Ttotal Status Flags
r-devel-linux-x86_64-debian-clang 0.1.7-0 2.86 29.11 31.97 OK
r-devel-linux-x86_64-debian-gcc 0.1.7-0 2.53 25.76 28.29 OK
r-devel-linux-x86_64-fedora-clang 0.1.7-0 40.99 OK
r-devel-linux-x86_64-fedora-gcc 0.1.7-0 40.85 OK
r-devel-windows-ix86+x86_64 0.1.7-0 7.00 50.00 57.00 OK
r-patched-linux-x86_64 0.1.7-0 2.93 29.84 32.77 OK
r-patched-solaris-x86 0.1.7-0 60.20 ERROR
r-release-linux-x86_64 0.1.7-0 2.71 29.74 32.45 OK
r-release-windows-ix86+x86_64 0.1.7-0 7.00 66.00 73.00 OK
r-release-osx-x86_64 0.1.7-0 OK
r-oldrel-windows-ix86+x86_64 0.1.7-0 4.00 45.00 49.00 OK
r-oldrel-osx-x86_64 0.1.7-0 OK

Check Details

Version: 0.1.7-0
Check: examples
Result: ERROR
    Running examples in ‘Rcrawler-Ex.R’ failed
    The error most likely occurred in:
    
    > ### Name: LinkExtractor
    > ### Title: LinkExtractor
    > ### Aliases: LinkExtractor
    >
    > ### ** Examples
    >
    >
    > pageinfo<-LinkExtractor(url="http://www.glofile.com", ExternalLInks = TRUE)
    Error in LinkExtractor(url = "http://www.glofile.com", ExternalLInks = TRUE) :
     object 'Extlinks' not found
    Execution halted
Flavor: r-patched-solaris-x86