Last updated on 2018-07-17 01:47:18 CEST.
Flavor | Version | Tinstall | Tcheck | Ttotal | Status | Flags |
---|---|---|---|---|---|---|
r-devel-linux-x86_64-debian-clang | 1.0.2 | 18.61 | 21.47 | 40.08 | NOTE | |
r-devel-linux-x86_64-debian-gcc | 1.0.2 | 16.69 | 19.39 | 36.08 | NOTE | |
r-devel-linux-x86_64-fedora-clang | 1.0.2 | 58.42 | NOTE | |||
r-devel-linux-x86_64-fedora-gcc | 1.0.2 | 53.75 | NOTE | |||
r-patched-linux-x86_64 | 1.0.2 | 20.51 | 22.10 | 42.61 | NOTE | |
r-patched-solaris-x86 | 1.0.2 | 65.00 | OK | |||
r-release-linux-x86_64 | 1.0.2 | 22.46 | 22.11 | 44.57 | NOTE | |
r-release-osx-x86_64 | 1.0.2 | OK | ||||
r-oldrel-osx-x86_64 | 1.0.2 | OK |
Version: 1.0.2
Check: compiled code
Result: NOTE
File ‘Rip46/libs/Rip46.so’:
Found no calls to: ‘R_registerRoutines’, ‘R_useDynamicSymbols’
It is good practice to register native routines and to disable symbol
search.
See ‘Writing portable packages’ in the ‘Writing R Extensions’ manual.
Flavors: r-devel-linux-x86_64-debian-clang, r-devel-linux-x86_64-debian-gcc, r-devel-linux-x86_64-fedora-clang, r-devel-linux-x86_64-fedora-gcc, r-patched-linux-x86_64, r-release-linux-x86_64