Last updated on 2018-07-17 01:47:18 CEST.
Flavor | Version | Tinstall | Tcheck | Ttotal | Status | Flags |
---|---|---|---|---|---|---|
r-devel-linux-x86_64-debian-clang | 0.5.5 | 52.50 | 29.18 | 81.68 | OK | |
r-devel-linux-x86_64-debian-gcc | 0.5.5 | 40.13 | 25.32 | 65.45 | OK | |
r-devel-linux-x86_64-fedora-clang | 0.5.5 | 100.56 | NOTE | |||
r-devel-linux-x86_64-fedora-gcc | 0.5.5 | 106.75 | OK | |||
r-devel-windows-ix86+x86_64 | 0.5.5 | 94.00 | 92.00 | 186.00 | OK | |
r-patched-linux-x86_64 | 0.5.5 | 46.94 | 29.49 | 76.43 | OK | |
r-patched-solaris-x86 | 0.5.5 | 103.00 | OK | |||
r-release-linux-x86_64 | 0.5.5 | 48.17 | 29.47 | 77.64 | OK | |
r-release-windows-ix86+x86_64 | 0.5.5 | 98.00 | 87.00 | 185.00 | OK | |
r-release-osx-x86_64 | 0.5.5 | NOTE | ||||
r-oldrel-windows-ix86+x86_64 | 0.5.5 | 67.00 | 81.00 | 148.00 | OK | |
r-oldrel-osx-x86_64 | 0.5.5 | NOTE |
Version: 0.5.5
Check: installed package size
Result: NOTE
installed size is 21.1Mb
sub-directories of 1Mb or more:
libs 20.8Mb
Flavors: r-devel-linux-x86_64-fedora-clang, r-release-osx-x86_64, r-oldrel-osx-x86_64