Last updated on 2018-07-17 01:47:19 CEST.
Flavor | Version | Tinstall | Tcheck | Ttotal | Status | Flags |
---|---|---|---|---|---|---|
r-devel-linux-x86_64-debian-clang | 0.2.9 | 47.59 | 91.16 | 138.75 | NOTE | |
r-devel-linux-x86_64-debian-gcc | 0.2.9 | 43.45 | 78.18 | 121.63 | NOTE | |
r-devel-linux-x86_64-fedora-clang | 0.2.9 | 186.14 | NOTE | |||
r-devel-linux-x86_64-fedora-gcc | 0.2.9 | 180.59 | NOTE | |||
r-devel-windows-ix86+x86_64 | 0.2.9 | 120.00 | 145.00 | 265.00 | OK | |
r-patched-linux-x86_64 | 0.2.9 | 49.92 | 87.72 | 137.64 | NOTE | |
r-patched-solaris-x86 | 0.2.9 | 212.90 | OK | |||
r-release-linux-x86_64 | 0.2.9 | 51.50 | 88.07 | 139.57 | NOTE | |
r-release-windows-ix86+x86_64 | 0.2.9 | 118.00 | 215.00 | 333.00 | OK | |
r-release-osx-x86_64 | 0.2.9 | OK | ||||
r-oldrel-windows-ix86+x86_64 | 0.2.9 | 99.00 | 140.00 | 239.00 | OK | |
r-oldrel-osx-x86_64 | 0.2.9 | OK |
Version: 0.2.9
Check: compiled code
Result: NOTE
File ‘Rphylopars/libs/Rphylopars.so’:
Found no calls to: ‘R_registerRoutines’, ‘R_useDynamicSymbols’
It is good practice to register native routines and to disable symbol
search.
See ‘Writing portable packages’ in the ‘Writing R Extensions’ manual.
Flavors: r-devel-linux-x86_64-debian-clang, r-devel-linux-x86_64-debian-gcc, r-devel-linux-x86_64-fedora-clang, r-devel-linux-x86_64-fedora-gcc, r-patched-linux-x86_64, r-release-linux-x86_64